{"id":893,"date":"2011-01-08T16:30:06","date_gmt":"2011-01-08T14:30:06","guid":{"rendered":"http:\/\/www.persofoto.de\/?page_id=893"},"modified":"2018-09-06T21:35:06","modified_gmt":"2018-09-06T19:35:06","slug":"biometrisches-passbild","status":"publish","type":"page","link":"https:\/\/www.persofoto.de\/lexikon\/fuehrerschein\/biometrisches-passbild\/","title":{"rendered":"Biometrisches Passbild"},"content":{"rendered":"<p>Am dem 30. Oktober 2008 ist die vierte Verordnung zur \u00c4nderung der Fahrerlaubnis-Verordnung in Kraft getreten. Seit dem sind\u00a0<a href=\"https:\/\/www.persofoto.de\/lexikon\/reisepass\/wie-mache-ich-ein-biometrisches-passfoto\/\">biometrische Passbilder<\/a> nun auch Pflicht f\u00fcr den F\u00fchrerschein.<\/p>\n<p>Das auf den F\u00fchrerschein im Scheckkarten-Format gedruckte Foto ist in der Regel schwarz-wei\u00df und nun leider ebenso streng, wie Fotos im <a href=\"https:\/\/www.persofoto.de\/lexikon\/reisepass\/\">Reisepass<\/a> oder <a href=\"https:\/\/www.persofoto.de\/lexikon\/personalausweis\/\">Personalausweis<\/a>.<\/p>\n<div class=\"use-fitvids\"><iframe src=\"https:\/\/www.youtube.com\/embed\/Gjll2LiRq10?;rel=0;autoplay=0&amp;modestbranding=1&amp;showinfo=0&amp;controls=0;showinfo=0\" width=\"560\" height=\"315\" frameborder=\"0\"><\/iframe><\/div>\n<hr \/>\n<p>Du kannst ein beliebiges Foto kostenlos in unserem <a title=\"Passfoto Generator\" href=\"https:\/\/www.persofoto.de\/upload\/passbild\">Passfoto-Generator<\/a> zuschneiden.<\/p>\n<div id=\"attachment_1269\" style=\"width: 260px\" class=\"wp-caption alignnone\"><a href=\"https:\/\/www.persofoto.de\/upload\/passbild\"><img aria-describedby=\"caption-attachment-1269\" class=\"wp-image-1269 size-full\" title=\"Zum Passfoto-Generator\" src=\"https:\/\/www.persofoto.de\/lexikon\/wp-content\/uploads\/2011\/07\/passfoto-generator-screenshot.jpg\" alt=\"Der Passfoto-Generator schneidet Bilder ins korrekte Passfoto-Format.\" width=\"250\" height=\"248\" srcset=\"https:\/\/www.persofoto.de\/lexikon\/wp-content\/uploads\/2011\/07\/passfoto-generator-screenshot.jpg 250w, https:\/\/www.persofoto.de\/lexikon\/wp-content\/uploads\/2011\/07\/passfoto-generator-screenshot-150x150.jpg 150w, https:\/\/www.persofoto.de\/lexikon\/wp-content\/uploads\/2011\/07\/passfoto-generator-screenshot-120x119.jpg 120w\" sizes=\"(max-width: 250px) 100vw, 250px\" \/><\/a><p id=\"caption-attachment-1269\" class=\"wp-caption-text\">Der Passfoto-Generator schneidet Bilder ins korrekte Passfoto-Format.<\/p><\/div>\n","protected":false},"excerpt":{"rendered":"Am dem 30. Oktober 2008 ist die vierte Verordnung zur \u00c4nderung der Fahrerlaubnis-Verordnung in Kraft getreten. Seit dem sind\u00a0biometrische Passbilder nun auch Pflicht f\u00fcr den F\u00fchrerschein. Das auf den F\u00fchrerschein im Scheckkarten-Format gedruckte Foto ist in der Regel schwarz-wei\u00df und nun leider ebenso streng, wie Fotos im Reisepass oder Personalausweis. Du kannst ein beliebiges Foto&#8230; <a class=\"view-article\" href=\"https:\/\/www.persofoto.de\/lexikon\/fuehrerschein\/biometrisches-passbild\/\">Anzeigen<\/a>","protected":false},"author":1,"featured_media":0,"parent":36,"menu_order":0,"comment_status":"open","ping_status":"open","template":"","meta":[],"_links":{"self":[{"href":"https:\/\/www.persofoto.de\/lexikon\/wp-json\/wp\/v2\/pages\/893"}],"collection":[{"href":"https:\/\/www.persofoto.de\/lexikon\/wp-json\/wp\/v2\/pages"}],"about":[{"href":"https:\/\/www.persofoto.de\/lexikon\/wp-json\/wp\/v2\/types\/page"}],"author":[{"embeddable":true,"href":"https:\/\/www.persofoto.de\/lexikon\/wp-json\/wp\/v2\/users\/1"}],"replies":[{"embeddable":true,"href":"https:\/\/www.persofoto.de\/lexikon\/wp-json\/wp\/v2\/comments?post=893"}],"version-history":[{"count":9,"href":"https:\/\/www.persofoto.de\/lexikon\/wp-json\/wp\/v2\/pages\/893\/revisions"}],"predecessor-version":[{"id":3434,"href":"https:\/\/www.persofoto.de\/lexikon\/wp-json\/wp\/v2\/pages\/893\/revisions\/3434"}],"up":[{"embeddable":true,"href":"https:\/\/www.persofoto.de\/lexikon\/wp-json\/wp\/v2\/pages\/36"}],"wp:attachment":[{"href":"https:\/\/www.persofoto.de\/lexikon\/wp-json\/wp\/v2\/media?parent=893"}],"curies":[{"name":"wp","href":"https:\/\/api.w.org\/{rel}","templated":true}]}}

<p>Am dem 30. Oktober 2008 ist die vierte Verordnung zur Änderung der Fahrerlaubnis-Verordnung in Kraft getreten. Seit dem sind <a href="https://www.persofoto.de/lexikon/reisepass/wie-mache-ich-ein-biometrisches-passfoto/">biometrische Passbilder</a> nun auch Pflicht für den Führerschein.</p>
<p>Das auf den Führerschein im Scheckkarten-Format gedruckte Foto ist in der Regel schwarz-weiß und nun leider ebenso streng, wie Fotos im <a href="https://www.persofoto.de/lexikon/reisepass/">Reisepass</a> oder <a href="https://www.persofoto.de/lexikon/personalausweis/">Personalausweis</a>.</p>
<div class="use-fitvids"><iframe src="https://www.youtube.com/embed/Gjll2LiRq10?;rel=0;autoplay=0&amp;modestbranding=1&amp;showinfo=0&amp;controls=0;showinfo=0" width="560" height="315" frameborder="0"></iframe></div>
<hr />
<p>Du kannst ein beliebiges Foto kostenlos in unserem <a title="Passfoto Generator" href="https://www.persofoto.de/upload/passbild">Passfoto-Generator</a> zuschneiden.</p>
<div id="attachment_1269" style="width: 260px" class="wp-caption alignnone"><a href="https://www.persofoto.de/upload/passbild"><img aria-describedby="caption-attachment-1269" class="wp-image-1269 size-full" title="Zum Passfoto-Generator" src="https://www.persofoto.de/lexikon/wp-content/uploads/2011/07/passfoto-generator-screenshot.jpg" alt="Der Passfoto-Generator schneidet Bilder ins korrekte Passfoto-Format." width="250" height="248" srcset="https://www.persofoto.de/lexikon/wp-content/uploads/2011/07/passfoto-generator-screenshot.jpg 250w, https://www.persofoto.de/lexikon/wp-content/uploads/2011/07/passfoto-generator-screenshot-150x150.jpg 150w, https://www.persofoto.de/lexikon/wp-content/uploads/2011/07/passfoto-generator-screenshot-120x119.jpg 120w" sizes="(max-width: 250px) 100vw, 250px" /></a><p id="caption-attachment-1269" class="wp-caption-text">Der Passfoto-Generator schneidet Bilder ins korrekte Passfoto-Format.</p></div>

Am dem 30. Oktober 2008 ist die vierte Verordnung zur Änderung der Fahrerlaubnis-Verordnung in Kraft getreten. Seit dem sind biometrische Passbilder nun auch Pflicht für den Führerschein. Das auf den Führerschein im Scheckkarten-Format gedruckte Foto ist in der Regel schwarz-weiß und nun leider ebenso streng, wie Fotos im Reisepass oder Personalausweis. Du kannst ein beliebiges Foto&#8230; <a class="view-article" href="https://www.persofoto.de/lexikon/fuehrerschein/biometrisches-passbild/">Anzeigen</a>
