{"id":674,"date":"2010-02-12T12:41:48","date_gmt":"2010-02-12T10:41:48","guid":{"rendered":"http:\/\/www.persofoto.de\/?page_id=674"},"modified":"2020-01-17T22:42:02","modified_gmt":"2020-01-17T21:42:02","slug":"biometrisch-oder-nicht","status":"publish","type":"page","link":"https:\/\/www.persofoto.de\/lexikon\/passbild\/biometrisch-oder-nicht\/","title":{"rendered":"Biometrisch oder nicht?"},"content":{"rendered":"<p>Ausweise sind eine Weile g\u00fcltig &#8211; der letzte Ausweis wurde daher wahrscheinlich vor vielen Jahren beantragt. In der Zwischenzeit hat sich <abbr title=\"unter Umst\u00e4nden\">u. U.<\/abbr> einiges ge\u00e4ndert. Daher stellt sich die Frage &#8222;Muss mein Passfoto biometrisch sein?&#8220; &#8211; Wir bringen Dich auf den neusten Stand.<\/p>\n<p>Neben den bisherigen &#8222;normalen&#8220; Passbildern, werden in Deutschland mittlerweile nur noch biometrische Passbilder f\u00fcr offizielle Ausweisdokumente verwendet. Was ist ein biometrisches Passbild? Ein biometrisches Passfoto erf\u00fcllt einen Katalog an&nbsp;<a title=\"Bedingungen f\u00fcr biometrische Passbilder\" href=\"https:\/\/www.persofoto.de\/lexikon\/reisepass\/wie-mache-ich-ein-biometrisches-passfoto\/\">Anforderungen<\/a> und muss unter anderem an eine <a title=\"Biometrische Schablone\" href=\"https:\/\/www.persofoto.de\/lexikon\/passbild\/biometrische-schablone\/\">biometrische Schablone<\/a> angepasst werden, damit alle Gesichtsmerkmale automatisiert verarbeitet werden k\u00f6nnen.<\/p>\n<div class=\"tipp\">\n<h3>Kurz und b\u00fcndig<\/h3>\n<ul>\n<li><strong>Biometrische Passbilder<\/strong> werden in Deutschland f\u00fcr <strong>Reisepass<\/strong>, <strong>F\u00fchrerschein<\/strong> und <strong>Personalausweis<\/strong> ben\u00f6tigt.<\/li>\n<\/ul>\n<\/div>\n<p><strong>Biometrische Passbilder<\/strong> sind notwendig f\u00fcr den <strong><a title=\"Alle Reisepass Artikel\" href=\"https:\/\/www.persofoto.de\/lexikon\/reisepass\/\">Reisepass<\/a><\/strong> und <strong><a title=\"Alle F\u00fchrerschein Artikel\" href=\"https:\/\/www.persofoto.de\/lexikon\/fuehrerschein\/\">F\u00fchrerschein<\/a> <\/strong>und seit November 2010 auch f\u00fcr den neuen <a title=\"Zum Thema &quot;Personalausweis&quot;\" href=\"https:\/\/www.persofoto.de\/lexikon\/personalausweis\/\" target=\"_self\" rel=\"noopener noreferrer\"><strong>Personalausweis<\/strong><\/a>. Die Gesundheitskarte und bspw. der Bootsf\u00fchrerschein kommen noch mit normalen Passbildern aus.<\/p>\n<p>Wenn Du Dein Passfoto selbst erstellen m\u00f6chtest, kannst Du ein Foto kostenlos in unserem <a title=\"Passfoto Generator\" href=\"https:\/\/www.persofoto.de\/upload\/passbild\">Passfoto-Generator<\/a> zuschneiden und an die biometrische Schablone anpassen.<\/p>\n<p>Hier noch einmal eine tabellarische \u00dcbersicht der g\u00e4ngigen Ausweise mit Info \u00fcber die ben\u00f6tigten Passbilder:<\/p>\n<div class=\"table-responsive\" style=\"margin-bottom: 2em;\">\n<table class=\"list\">\n<tbody>\n<tr>\n<th>Ausweis<\/th>\n<th>biometrisch<\/th>\n<\/tr>\n<tr>\n<td>Bootsf\u00fchrerschein<\/td>\n<td>nein<\/td>\n<\/tr>\n<tr class=\"odge\">\n<td>F\u00fchrerschein<\/td>\n<td>ja<\/td>\n<\/tr>\n<tr>\n<td>Gesundheitskarte<\/td>\n<td>nein<\/td>\n<\/tr>\n<tr class=\"odge\">\n<td>Personalausweis<\/td>\n<td>ja<\/td>\n<\/tr>\n<tr>\n<td>Reisepass<\/td>\n<td>ja<\/td>\n<\/tr>\n<tr>\n<td>Schwerbehindertenausweis<\/td>\n<td>nein<\/td>\n<\/tr>\n<tr>\n<td>Staplerschein<\/td>\n<td>nein<\/td>\n<\/tr>\n<tr>\n<td>Truppenausweis<\/td>\n<td>ja<\/td>\n<\/tr>\n<\/tbody>\n<\/table>\n<\/div>\n<div id=\"attachment_1269\" style=\"width: 260px\" class=\"wp-caption alignnone\"><a href=\"https:\/\/www.persofoto.de\/upload\/passbild\"><img aria-describedby=\"caption-attachment-1269\" class=\"wp-image-1269 size-full\" title=\"Zum Passfoto-Generator\" src=\"https:\/\/www.persofoto.de\/lexikon\/wp-content\/uploads\/2011\/07\/passfoto-generator-screenshot.jpg\" alt=\"Der Passfoto-Generator schneidet Bilder ins korrekte Passfoto-Format.\" width=\"250\" height=\"248\" srcset=\"https:\/\/www.persofoto.de\/lexikon\/wp-content\/uploads\/2011\/07\/passfoto-generator-screenshot.jpg 250w, https:\/\/www.persofoto.de\/lexikon\/wp-content\/uploads\/2011\/07\/passfoto-generator-screenshot-150x150.jpg 150w, https:\/\/www.persofoto.de\/lexikon\/wp-content\/uploads\/2011\/07\/passfoto-generator-screenshot-120x119.jpg 120w\" sizes=\"(max-width: 250px) 100vw, 250px\" \/><\/a><p id=\"caption-attachment-1269\" class=\"wp-caption-text\">Der Passfoto-Generator schneidet Bilder ins korrekte Passfoto-Format.<\/p><\/div>\n","protected":false},"excerpt":{"rendered":"Ausweise sind eine Weile g\u00fcltig &#8211; der letzte Ausweis wurde daher wahrscheinlich vor vielen Jahren beantragt. In der Zwischenzeit hat sich u. U. einiges ge\u00e4ndert. Daher stellt sich die Frage &#8222;Muss mein Passfoto biometrisch sein?&#8220; &#8211; Wir bringen Dich auf den neusten Stand. Neben den bisherigen &#8222;normalen&#8220; Passbildern, werden in Deutschland mittlerweile nur noch biometrische&#8230; <a class=\"view-article\" href=\"https:\/\/www.persofoto.de\/lexikon\/passbild\/biometrisch-oder-nicht\/\">Anzeigen<\/a>","protected":false},"author":1,"featured_media":0,"parent":142,"menu_order":0,"comment_status":"open","ping_status":"open","template":"","meta":[],"_links":{"self":[{"href":"https:\/\/www.persofoto.de\/lexikon\/wp-json\/wp\/v2\/pages\/674"}],"collection":[{"href":"https:\/\/www.persofoto.de\/lexikon\/wp-json\/wp\/v2\/pages"}],"about":[{"href":"https:\/\/www.persofoto.de\/lexikon\/wp-json\/wp\/v2\/types\/page"}],"author":[{"embeddable":true,"href":"https:\/\/www.persofoto.de\/lexikon\/wp-json\/wp\/v2\/users\/1"}],"replies":[{"embeddable":true,"href":"https:\/\/www.persofoto.de\/lexikon\/wp-json\/wp\/v2\/comments?post=674"}],"version-history":[{"count":14,"href":"https:\/\/www.persofoto.de\/lexikon\/wp-json\/wp\/v2\/pages\/674\/revisions"}],"predecessor-version":[{"id":3611,"href":"https:\/\/www.persofoto.de\/lexikon\/wp-json\/wp\/v2\/pages\/674\/revisions\/3611"}],"up":[{"embeddable":true,"href":"https:\/\/www.persofoto.de\/lexikon\/wp-json\/wp\/v2\/pages\/142"}],"wp:attachment":[{"href":"https:\/\/www.persofoto.de\/lexikon\/wp-json\/wp\/v2\/media?parent=674"}],"curies":[{"name":"wp","href":"https:\/\/api.w.org\/{rel}","templated":true}]}}