{"id":65,"date":"2009-09-10T17:17:35","date_gmt":"2009-09-10T15:17:35","guid":{"rendered":"http:\/\/www.persofoto.de\/\/?page_id=65"},"modified":"2020-10-27T00:47:07","modified_gmt":"2020-10-26T23:47:07","slug":"gueltigkeit-des-fuehrerscheins","status":"publish","type":"page","link":"https:\/\/www.persofoto.de\/lexikon\/fuehrerschein\/gueltigkeit-des-fuehrerscheins\/","title":{"rendered":"G\u00fcltigkeit des F\u00fchrerscheins"},"content":{"rendered":"<p>Der EU-F\u00fchrerschein hat vorerst eine unbeschr\u00e4nkte G\u00fcltigkeit. Alte nicht-eu F\u00fchrerscheine behalten bis 2032 ihre G\u00fcltigkeit und m\u00fcssen dann f\u00fcr eine Geb\u00fchr von ca. 30 Euro umgetauscht werden.<\/p>\n<div class=\"table-responsive\">\n<table class=\"list\">\n<tbody>\n<tr>\n<th>F\u00fchrerschein<\/th>\n<th>G\u00fcltigkeit<\/th>\n<\/tr>\n<tr class=\"odge\">\n<td>EU-F\u00fchrerschein im Scheckkarten-Format<\/td>\n<td>vorerst unbegrenzt<\/td>\n<\/tr>\n<tr>\n<td>rosa F\u00fchrerschein<\/td>\n<td>2032<\/td>\n<\/tr>\n<tr class=\"odge\">\n<td>blau-\/grauer F\u00fchrerschein<\/td>\n<td>2032<\/td>\n<\/tr>\n<\/tbody>\n<\/table>\n<\/div>\n","protected":false},"excerpt":{"rendered":"Der EU-F\u00fchrerschein hat vorerst eine unbeschr\u00e4nkte G\u00fcltigkeit. Alte nicht-eu F\u00fchrerscheine behalten bis 2032 ihre G\u00fcltigkeit und m\u00fcssen dann f\u00fcr eine Geb\u00fchr von ca. 30 Euro umgetauscht werden. F\u00fchrerschein G\u00fcltigkeit EU-F\u00fchrerschein im Scheckkarten-Format vorerst unbegrenzt rosa F\u00fchrerschein 2032 blau-\/grauer F\u00fchrerschein 2032","protected":false},"author":1,"featured_media":0,"parent":36,"menu_order":0,"comment_status":"open","ping_status":"open","template":"","meta":[],"_links":{"self":[{"href":"https:\/\/www.persofoto.de\/lexikon\/wp-json\/wp\/v2\/pages\/65"}],"collection":[{"href":"https:\/\/www.persofoto.de\/lexikon\/wp-json\/wp\/v2\/pages"}],"about":[{"href":"https:\/\/www.persofoto.de\/lexikon\/wp-json\/wp\/v2\/types\/page"}],"author":[{"embeddable":true,"href":"https:\/\/www.persofoto.de\/lexikon\/wp-json\/wp\/v2\/users\/1"}],"replies":[{"embeddable":true,"href":"https:\/\/www.persofoto.de\/lexikon\/wp-json\/wp\/v2\/comments?post=65"}],"version-history":[{"count":2,"href":"https:\/\/www.persofoto.de\/lexikon\/wp-json\/wp\/v2\/pages\/65\/revisions"}],"predecessor-version":[{"id":2552,"href":"https:\/\/www.persofoto.de\/lexikon\/wp-json\/wp\/v2\/pages\/65\/revisions\/2552"}],"up":[{"embeddable":true,"href":"https:\/\/www.persofoto.de\/lexikon\/wp-json\/wp\/v2\/pages\/36"}],"wp:attachment":[{"href":"https:\/\/www.persofoto.de\/lexikon\/wp-json\/wp\/v2\/media?parent=65"}],"curies":[{"name":"wp","href":"https:\/\/api.w.org\/{rel}","templated":true}]}}

Gültigkeit des Führerscheins

<p>Der EU-Führerschein hat vorerst eine unbeschränkte Gültigkeit. Alte nicht-eu Führerscheine behalten bis 2032 ihre Gültigkeit und müssen dann für eine Gebühr von ca. 30 Euro umgetauscht werden.</p>
<div class="table-responsive">
<table class="list">
<tbody>
<tr>
<th>Führerschein</th>
<th>Gültigkeit</th>
</tr>
<tr class="odge">
<td>EU-Führerschein im Scheckkarten-Format</td>
<td>vorerst unbegrenzt</td>
</tr>
<tr>
<td>rosa Führerschein</td>
<td>2032</td>
</tr>
<tr class="odge">
<td>blau-/grauer Führerschein</td>
<td>2032</td>
</tr>
</tbody>
</table>
</div>

Der EU-Führerschein hat vorerst eine unbeschränkte Gültigkeit. Alte nicht-eu Führerscheine behalten bis 2032 ihre Gültigkeit und müssen dann für eine Gebühr von ca. 30 Euro umgetauscht werden. Führerschein Gültigkeit EU-Führerschein im Scheckkarten-Format vorerst unbegrenzt rosa Führerschein 2032 blau-/grauer Führerschein 2032
