{"id":63,"date":"2009-09-10T17:16:56","date_gmt":"2009-09-10T15:16:56","guid":{"rendered":"http:\/\/www.persofoto.de\/\/?page_id=63"},"modified":"2020-01-17T22:41:27","modified_gmt":"2020-01-17T21:41:27","slug":"fuehrerschein-verloren","status":"publish","type":"page","link":"https:\/\/www.persofoto.de\/lexikon\/fuehrerschein\/fuehrerschein-verloren\/","title":{"rendered":"F\u00fchrerschein Dokument verloren"},"content":{"rendered":"<h2>Verlust melden<\/h2>\n<p>Ist der F\u00fchrerschein nicht mehr auffindbar und wurde <strong>verloren<\/strong>, muss dieser Verlust des F\u00fchrerscheins pers\u00f6nlich vom F\u00fchrerscheininhaber bei der zust\u00e4ndigen Beh\u00f6rde gemeldet werden.<\/p>\n<p>Wurde bspw. das Portemonnaie mitsamt F\u00fchrerschein <strong>gestohlen<\/strong>, sollte man zudem eine Anzeige bei der Polizei aufgeben. So erh\u00e4lt man einen Nachweis \u00fcber den Diebstahl, der in der Regel auch bei Polizeikontrollen an Stelle des Personalausweises als Identit\u00e4tsnachweis dient.<\/p>\n<h2>Neu-Beantragung<\/h2>\n<p>Bis zur Fertigstellung eines neuen Ersatz-F\u00fchrerscheins erteilt die F\u00fchrerscheinstelle eine befristete, vorl\u00e4ufige Fahrbescheinigung. Sie gilt bei einer Kontrolle als Nachweis der Fahrerlaubnis. Sie berechtigt allerdings nicht zum Fahren im Ausland.<\/p>\n<p>Die Kosten sind je nach Landkreis unterschiedlich. In Frankfurt etwa betr\u00e4gt die Geb\u00fchr rund 40 Euro.<\/p>\n<p>Um ein biometrisches Passfoto f\u00fcr den F\u00fchrerschein zu erstellen kannst Du ein beliebiges Foto kostenlos in unserem <a title=\"Zum Passfoto Generator (F\u00fchrerschein, Deutschland)\" href=\"https:\/\/www.persofoto.de\/upload\/passbild\/html5\/293\">Passfoto-Generator<\/a> zuschneiden.<\/p>\n<div id=\"attachment_1269\" style=\"width: 260px\" class=\"wp-caption alignnone\"><a href=\"https:\/\/www.persofoto.de\/upload\/passbild\"><img aria-describedby=\"caption-attachment-1269\" class=\"wp-image-1269 size-full\" title=\"Zum Passfoto-Generator\" src=\"https:\/\/www.persofoto.de\/lexikon\/wp-content\/uploads\/2011\/07\/passfoto-generator-screenshot.jpg\" alt=\"Der Passfoto-Generator schneidet Bilder ins korrekte Passfoto-Format.\" width=\"250\" height=\"248\" srcset=\"https:\/\/www.persofoto.de\/lexikon\/wp-content\/uploads\/2011\/07\/passfoto-generator-screenshot.jpg 250w, https:\/\/www.persofoto.de\/lexikon\/wp-content\/uploads\/2011\/07\/passfoto-generator-screenshot-150x150.jpg 150w, https:\/\/www.persofoto.de\/lexikon\/wp-content\/uploads\/2011\/07\/passfoto-generator-screenshot-120x119.jpg 120w\" sizes=\"(max-width: 250px) 100vw, 250px\" \/><\/a><p id=\"caption-attachment-1269\" class=\"wp-caption-text\">Der Passfoto-Generator schneidet Bilder ins korrekte Passfoto-Format.<\/p><\/div>\n","protected":false},"excerpt":{"rendered":"Verlust melden Ist der F\u00fchrerschein nicht mehr auffindbar und wurde verloren, muss dieser Verlust des F\u00fchrerscheins pers\u00f6nlich vom F\u00fchrerscheininhaber bei der zust\u00e4ndigen Beh\u00f6rde gemeldet werden. Wurde bspw. das Portemonnaie mitsamt F\u00fchrerschein gestohlen, sollte man zudem eine Anzeige bei der Polizei aufgeben. So erh\u00e4lt man einen Nachweis \u00fcber den Diebstahl, der in der Regel auch bei&#8230; <a class=\"view-article\" href=\"https:\/\/www.persofoto.de\/lexikon\/fuehrerschein\/fuehrerschein-verloren\/\">Anzeigen<\/a>","protected":false},"author":1,"featured_media":0,"parent":36,"menu_order":0,"comment_status":"open","ping_status":"open","template":"","meta":[],"_links":{"self":[{"href":"https:\/\/www.persofoto.de\/lexikon\/wp-json\/wp\/v2\/pages\/63"}],"collection":[{"href":"https:\/\/www.persofoto.de\/lexikon\/wp-json\/wp\/v2\/pages"}],"about":[{"href":"https:\/\/www.persofoto.de\/lexikon\/wp-json\/wp\/v2\/types\/page"}],"author":[{"embeddable":true,"href":"https:\/\/www.persofoto.de\/lexikon\/wp-json\/wp\/v2\/users\/1"}],"replies":[{"embeddable":true,"href":"https:\/\/www.persofoto.de\/lexikon\/wp-json\/wp\/v2\/comments?post=63"}],"version-history":[{"count":6,"href":"https:\/\/www.persofoto.de\/lexikon\/wp-json\/wp\/v2\/pages\/63\/revisions"}],"predecessor-version":[{"id":3610,"href":"https:\/\/www.persofoto.de\/lexikon\/wp-json\/wp\/v2\/pages\/63\/revisions\/3610"}],"up":[{"embeddable":true,"href":"https:\/\/www.persofoto.de\/lexikon\/wp-json\/wp\/v2\/pages\/36"}],"wp:attachment":[{"href":"https:\/\/www.persofoto.de\/lexikon\/wp-json\/wp\/v2\/media?parent=63"}],"curies":[{"name":"wp","href":"https:\/\/api.w.org\/{rel}","templated":true}]}}