{"id":52,"date":"2009-09-10T14:36:15","date_gmt":"2009-09-10T12:36:15","guid":{"rendered":"http:\/\/www.persofoto.de\/\/personalausweis\/personalausweis-kosten\/"},"modified":"2020-01-22T00:24:33","modified_gmt":"2020-01-21T23:24:33","slug":"personalausweis-kosten","status":"publish","type":"page","link":"https:\/\/www.persofoto.de\/lexikon\/personalausweis\/personalausweis-kosten\/","title":{"rendered":"Kosten \/ Preis"},"content":{"rendered":"<nav class=\"chapter-toc\">\n<h2>Auf dieser Seite<\/h2>\n<ul>\n<li><a class=\"smooth\" href=\"#elektronischer-personalausweis\">Elektronischer Personalausweis<\/a><\/li>\n<li><a class=\"smooth\" href=\"#hartz-iv\">Keine Geb\u00fchrenentlastung bei Hartz IV<\/a><\/li>\n<li><a class=\"smooth\" href=\"#geld-sparen-passbild-selbst-erstellen\"> Geld sparen &#8211; Passbild selbst erstellen<\/a><\/li>\n<li><a class=\"smooth\" href=\"#alter-personalausweis\">Alter Personalausweis<\/a><\/li>\n<\/ul>\n<\/nav>\n<p>Sp\u00e4testens, wenn eine Reise ansteht oder f\u00fcr einen Vertrag eine Kopie des Personalausweises n\u00f6tig ist, wirft man einen Blick auf das G\u00fcltigkeitsdatum des Personalausweises. Ist er abgelaufen stellt man sich die Frage &#8211; &#8222;Was kostet ein neuer Personalausweis?&#8220;.<\/p>\n<h2 id=\"elektronischer-personalausweis\">Elektronischer Personalausweis (seit November 2010)<\/h2>\n<p>Die Kosten eines Personalausweises sind mit Einf\u00fchrung des neuen elektronischen Personalausweises im Scheckkarten-Format deutlich gestiegen. Der neue Personalausweis \ud83d\udcb6 <strong>kostet 28,80 Euro<\/strong> \u2013 mehr als dreimal so viel wie bisher.<\/p>\n<p>Wer unter 24 Jahre alt ist, erh\u00e4lt das Dokument mit einem Chip zur elektronischen Identifizierung vom 1. November an zum erm\u00e4\u00dfigten Preis von 22,80 Euro anstatt der urspr\u00fcnglich angek\u00fcndigten 19,80 Euro. Der erste Personalausweis f\u00fcr Jugendliche zwischen 16 und 18 Jahren ist nicht mehr wie bisher kostenfrei.<\/p>\n<p>Nachfolgend eine \u00dcbersicht der drei verschiedenen Personalausweis-Versionen mit den jeweiligen Kosten und deren G\u00fcltigkeit:<\/p>\n<div class=\"table-responsive\" style=\"margin-bottom: 2em;\">\n<table class=\"list\">\n<tbody>\n<tr>\n<th>Personalausweise<\/th>\n<th>G\u00fcltigkeit<\/th>\n<th>Kosten<\/th>\n<\/tr>\n<tr class=\"odge\">\n<td>Personalausweis f\u00fcr Personen <strong>ab 24 Jahre<\/strong><\/td>\n<td>10 Jahre<\/td>\n<td nowrap=\"nowrap\">28,80 Euro<\/td>\n<\/tr>\n<tr class=\"even\">\n<td>Personalausweis f\u00fcr Personen <strong>unter 24 Jahre<\/strong><\/td>\n<td>6 Jahre<\/td>\n<td nowrap=\"nowrap\">22,80 Euro<\/td>\n<\/tr>\n<tr class=\"odge\">\n<td>Vorl\u00e4ufiger Personalausweis<\/td>\n<td>3 Monate<\/td>\n<td nowrap=\"nowrap\">10,00 Euro<\/td>\n<\/tr>\n<\/tbody>\n<\/table>\n<\/div>\n<div class=\"tipp\">\n<h3>Geld sparen<\/h3>\n<ul>\n<li>Wenn Du Dein <a href=\"https:\/\/www.persofoto.de\/upload\/passbild\/html5\/296\">Passfoto selbst erstellst<\/a>, kannst Du ein wenig Zeit und Geld sparen.<\/li>\n<\/ul>\n<\/div>\n<p>F\u00fcr die neuen Funktionen des elektronischen Personalausweises k\u00f6nnen ebenfalls Kosten anfallen. Eine \u00dcbersicht dieser Kosten:<\/p>\n<div class=\"table-responsive\" style=\"margin-bottom: 2em;\">\n<table class=\"list\">\n<tbody>\n<tr>\n<th>Funktion<\/th>\n<th>Kosten<\/th>\n<\/tr>\n<tr class=\"odge\">\n<td>Nachtr\u00e4gliches Aktivieren der Online-Ausweisfunktion<\/td>\n<td nowrap=\"nowrap\">6,00 Euro<\/td>\n<\/tr>\n<tr class=\"even\">\n<td>\u00c4nderung der PIN<\/td>\n<td nowrap=\"nowrap\">6,00 Euro<\/td>\n<\/tr>\n<tr class=\"odge\">\n<td>Entsperrung der Online-Ausweisfunktion<\/td>\n<td nowrap=\"nowrap\">6,00 Euro<\/td>\n<\/tr>\n<\/tbody>\n<\/table>\n<\/div>\n<p>Die genauen Kosten k\u00f6nnen der <a title=\"Geb\u00fchrenverordnung f\u00fcr den neuen Personalausweis im neuen Fenster \u00f6ffnen\" href=\"http:\/\/www.gesetze-im-internet.de\/pauswgebv\/index.html\" target=\"_blank\" rel=\"noopener noreferrer\">Geb\u00fchrenverordnung f\u00fcr den neuen Personalausweis<\/a> auf der Seite des Bundes entnommen werden.<\/p>\n<h2 id=\"hartz-iv\">Keine Geb\u00fchrenentlastung bei Hartz IV<\/h2>\n<p>Seit Einf\u00fchrung des neuen biometrischen Personalausweises sind die Kosten mehr als 3 Mal so hoch wie bis zum November 2010.<\/p>\n<p>Allerdings m\u00fcssen auch Hartz IV Bezieher die vollen Geb\u00fchren f\u00fcr den neuen Personalausweis zahlen. Urspr\u00fcnglich war geplant, die Geb\u00fchren f\u00fcr den Personalausweis ab Jahresbeginn 2010 entfallen zu lassen. Doch der schwarz-gelben Bundesregierung zufolge sind in den f\u00fcnf Euro h\u00f6heren ALG II Regelsatz die Geb\u00fchren angeblich bereits eingerechnet.<\/p>\n<hr>\n<h2 id=\"geld-sparen-passbild-selbst-erstellen\">Geld sparen &#8211; Passbild selbst erstellen<\/h2>\n<p>Der neue Personalausweis ist im Vergleich zum alten deutlich teuer. Die n\u00f6tigen biometrischen Passbilder sind auch teurer, als die fr\u00fcher verwendeten nicht-biometrischen. Wenn Du ein wenig Zeit und Geld sparen m\u00f6chtest, kannst Du Dein Passfoto selbst erstellen. Wir haben Dir dazu einige <a href=\"https:\/\/www.persofoto.de\/lexikon\/?s=anleitung\">Anleitungen<\/a> vorbereitet.<\/p>\n<p>In unserem <a href=\"https:\/\/www.persofoto.de\/upload\/passbild\/html5\/296\">Passfoto-Generator<\/a> kannst Du Dein Ausgangsfoto <strong>kostenlos auf das richtige Seitenverh\u00e4ltnis zuschneiden<\/strong>.<\/p>\n<div>\n<div id=\"attachment_1269\" style=\"width: 260px\" class=\"wp-caption alignleft\"><a href=\"https:\/\/www.persofoto.de\/upload\/passbild\"><img aria-describedby=\"caption-attachment-1269\" class=\"alignnone size-medium wp-image-2182\" src=\"https:\/\/www.persofoto.de\/lexikon\/wp-content\/uploads\/2009\/09\/passfoto-generator-de-250x188.png\" alt=\"Der Passfoto-Generator schneidet Bilder ins korrekte Passfoto-Format.\" width=\"250\" height=\"248\"><\/a><p id=\"caption-attachment-1269\" class=\"wp-caption-text\">Unser Passfoto-Generator schneidet Bilder ins korrekte Passfoto-Format.<\/p><\/div>\n<\/div>\n<h2 id=\"alter-personalausweis\">Alter Personalausweis<\/h2>\n<p>Der alte Personalausweis kostete 8 Euro. Damit lagen wir im Durchschnitt deutlich unter den Preisen unser europ\u00e4ischen Nachbarl\u00e4nder.<\/p>\n<p>Die erstmalige Ausstellung des Personalausweises an Personen, die das 21. Lebensjahr noch nicht vollendet hatten, war in der Regel kostenlos.<\/p>\n<p>Die Geb\u00fchr konnte erm\u00e4\u00dfigt werden oder von ihrer Erhebung ganz abgesehen werden, wenn die geb\u00fchrenschuldende Person bed\u00fcrftig war. Die Geb\u00fchr konnte abweichen, wenn beispielsweise ein noch l\u00e4nger g\u00fcltiger Personalausweis gestohlen oder verloren wurde. Ausk\u00fcnfte erteilte die zust\u00e4ndige Beh\u00f6rde (in der Regel das Einwohnermelde-, Passamt oder B\u00fcrgerb\u00fcro bzw. die Stadt- oder Gemeindeverwaltung).<\/p>\n","protected":false},"excerpt":{"rendered":"Auf dieser Seite Elektronischer Personalausweis Keine Geb\u00fchrenentlastung bei Hartz IV Geld sparen &#8211; Passbild selbst erstellen Alter Personalausweis Sp\u00e4testens, wenn eine Reise ansteht oder f\u00fcr einen Vertrag eine Kopie des Personalausweises n\u00f6tig ist, wirft man einen Blick auf das G\u00fcltigkeitsdatum des Personalausweises. Ist er abgelaufen stellt man sich die Frage &#8211; &#8222;Was kostet ein neuer&#8230; <a class=\"view-article\" href=\"https:\/\/www.persofoto.de\/lexikon\/personalausweis\/personalausweis-kosten\/\">Anzeigen<\/a>","protected":false},"author":1,"featured_media":0,"parent":33,"menu_order":0,"comment_status":"open","ping_status":"open","template":"","meta":[],"_links":{"self":[{"href":"https:\/\/www.persofoto.de\/lexikon\/wp-json\/wp\/v2\/pages\/52"}],"collection":[{"href":"https:\/\/www.persofoto.de\/lexikon\/wp-json\/wp\/v2\/pages"}],"about":[{"href":"https:\/\/www.persofoto.de\/lexikon\/wp-json\/wp\/v2\/types\/page"}],"author":[{"embeddable":true,"href":"https:\/\/www.persofoto.de\/lexikon\/wp-json\/wp\/v2\/users\/1"}],"replies":[{"embeddable":true,"href":"https:\/\/www.persofoto.de\/lexikon\/wp-json\/wp\/v2\/comments?post=52"}],"version-history":[{"count":24,"href":"https:\/\/www.persofoto.de\/lexikon\/wp-json\/wp\/v2\/pages\/52\/revisions"}],"predecessor-version":[{"id":3651,"href":"https:\/\/www.persofoto.de\/lexikon\/wp-json\/wp\/v2\/pages\/52\/revisions\/3651"}],"up":[{"embeddable":true,"href":"https:\/\/www.persofoto.de\/lexikon\/wp-json\/wp\/v2\/pages\/33"}],"wp:attachment":[{"href":"https:\/\/www.persofoto.de\/lexikon\/wp-json\/wp\/v2\/media?parent=52"}],"curies":[{"name":"wp","href":"https:\/\/api.w.org\/{rel}","templated":true}]}}