{"id":50,"date":"2009-09-10T14:34:55","date_gmt":"2009-09-10T12:34:55","guid":{"rendered":"http:\/\/www.persofoto.de\/\/personalausweis\/grose\/"},"modified":"2020-01-17T22:32:54","modified_gmt":"2020-01-17T21:32:54","slug":"groesse","status":"publish","type":"page","link":"https:\/\/www.persofoto.de\/lexikon\/passbild\/groesse\/","title":{"rendered":"Gr\u00f6\u00dfe &#038; Format"},"content":{"rendered":"<nav class=\"chapter-toc\">\n<h2>Auf dieser Seite<\/h2>\n<ul>\n<li><a class=\"smooth\" href=\"#deutsche-passbilder\">Passbilder und biometrische Passbilder<\/a><\/li>\n<li><a class=\"smooth\" href=\"#passbildgr\u00f6sse-zuschneiden\">Bilder auf Passbildgr\u00f6\u00dfe zuschneiden<\/a><\/li>\n<li><a class=\"smooth\" href=\"#digitale-passbildgroesse\">Digitale Passbild-Gr\u00f6\u00dfe<\/a><\/li>\n<li><a class=\"smooth\" href=\"#biometrische-besonderheiten\">Biometrische Besonderheiten<\/a><\/li>\n<li><a class=\"smooth\" href=\"#masse-im-detail\">Die genauen Ma\u00dfe im Detail<\/a><\/li>\n<\/ul>\n<\/nav>\n<p>W\u00e4hrend Passbilder fr\u00fcher fast ausschlie\u00dflich f\u00fcr Reisepass und Personalausweis ben\u00f6tigt wurden, haben sich die Verwendungszwecke heute stark vermehrt. Immer mehr Universit\u00e4ten drucken die Bilder ihrer Studenten auf Studentenausweise, die <a href=\"\/lexikon\/gesundheitskarte\/\">Gesundheitskarte<\/a> schm\u00fcckt ein Passfoto des Besitzers und auch immer mehr Mitgliedsausweise bekommen ein Foto spendiert.<\/p>\n<h2 id=\"deutsche-passbilder\">Passbilder und biometrische Passbilder<\/h2>\n<p><img class=\"alignright\" style=\"transform: rotate(-7deg);\" src=\"\/lexikon\/wp-content\/uploads\/2018\/09\/biometrisches-passbild-mit-lineal-und-groesse-in-mm_small.jpg\" alt=\"Biometrisches Passbild mit Lineal und Gr\u00f6\u00dfe in mm\" width=\"213\" height=\"257\"><\/p>\n<p>Unterscheiden lassen sich in Deutschland neben herk\u00f6mmlichen Passfotos die neuen biometrischen Passbilder. Sie haben, genau wie die \u201enormalen\u201c Vorg\u00e4nger <strong>eine Gr\u00f6\u00dfe von 35 mm \u00d7 45 mm (oder 3,5 cm \u00d7 4,5 cm)<\/strong> und keinen Rand. Die Gr\u00f6\u00dfe eines Passbildes hat sich durch die Einf\u00fchrung biometrischer Passbilder also nicht ver\u00e4ndert. Dieses Format wird f\u00fcr alle Ausweisdokumente verwendet &#8211; den Personalausweis, F\u00fchrerschein und Reisepass.<\/p>\n<p>Auch bei Passbildern f\u00fcr die Gesundheitskarte wird die Gr\u00f6\u00dfe 35 mm \u00d7 45 mm verwendet.<\/p>\n<p>Wenn Du ein Passbild f\u00fcr einen ausl\u00e4ndischen Ausweis oder ein Visum ben\u00f6tigst, h\u00e4ngt die Gr\u00f6\u00dfe vom Zielland ab. Du kannst \u00fcber unseren PersoFoto Sizer einfach <a title=\"Ben\u00f6tigte Passbildgr\u00f6\u00dfe anhand von Land und Verwendungszweck bestimmen\" href=\"https:\/\/www.persofoto.de\/passbildgroesse\">ausl\u00e4ndische Passbildgr\u00f6\u00dfen herausfinden<\/a> \u2013 f\u00fcr alle L\u00e4nder der Welt.<\/p>\n<h2 id=\"passbildgr\u00f6sse-zuschneiden\">Bilder auf Passbildgr\u00f6\u00dfe zuschneiden<\/h2>\n<p>Du kannst Dein Foto in unserem <a href=\"https:\/\/www.persofoto.de\/upload\/passbild\">Passfoto-Generator<\/a> <strong>kostenlos auf das richtige Seitenverh\u00e4ltnis zuschneiden<\/strong>&#8211; und wenn n\u00f6tig an die biometrische Schablone anpassen.<\/p>\n<p><a class=\"center blocksize\" href=\"https:\/\/www.persofoto.de\/upload\/passbild\"><img class=\" wp-image-1504 img-responsive aligncenter\" src=\"https:\/\/www.persofoto.de\/lexikon\/wp-content\/uploads\/2009\/09\/passfoto-generator-de.png\" alt=\"Passfoto-Generator\" width=\"439\" height=\"331\"><\/a><\/p>\n<p style=\"text-align: center;\"><a class=\"flat-button orange-flat-button\" title=\"Jetzt ein Passbild erstellen\" href=\"https:\/\/www.persofoto.de\/upload\/passbild\">Jetzt ein Passbild erstellen \u00bb<\/a><\/p>\n<h2 id=\"digitale-passbildgroesse\">Digitale Passbild-Gr\u00f6\u00dfe<\/h2>\n<p>Oft wird in diversen Foren nach der \u201edigitalen Gr\u00f6\u00dfe\u201c&nbsp;eines Passfotos oder \u00e4hnlichen Begriffen gefragt. Hintergrund ist dabei, dass es keine Entsprechung der realen Gr\u00f6\u00dfe 35 mm \u00d7 45 mm in Pixeln o.\u00e4. gibt. Wenn man ein Bild in einer bestimmten Gr\u00f6\u00dfe ausdrucken m\u00f6chte, spielen die meisten Programme nicht mit. Hier spielt eine weitere Einheit, die DPI (dots per inch) eine wichtige Rolle. Der g\u00e4ngige Wert f\u00fcr Web-Grafiken ist 72 dpi. F\u00fcr den Druck verwendet man meist 300 dpi.<\/p>\n<p>Hat man kein Grafikprogramm zur Hand, in dem man die Druckgr\u00f6\u00dfe in cm angeben kann, muss man leider ein wenig rechnen. Ein inch entspricht 2,54 cm. Ein Passfoto, welches bei 300 dpi in Originalgr\u00f6\u00dfe gedruckt werden soll, m\u00fcsste also eine Gr\u00f6\u00dfe von ca. 413 px \u00d7 532 px haben.<\/p>\n<p style=\"padding-left: 30px;\"><strong>Beispielrechnung (300 dpi):<br \/>\n<\/strong>(300 dpi \/ 2,54 cm * 3,5 cm) \u2248 413 \u201e<em>dots per cm\u201c bzw.<\/em> 413 px<\/p>\n<p>Die Entsprechungen des&nbsp;deutschen Standard-Passbild-Formats von&nbsp;3,5 cm \u00d7 4,5 cm f\u00fcr einige DPI-Werte sind nachfolgend aufgef\u00fchrt:<\/p>\n<div class=\"table-responsive\">\n<table class=\"list\">\n<tbody>\n<tr>\n<th>DPI<\/th>\n<th>Breite in Pixeln<\/th>\n<th>H\u00f6he in Pixeln<\/th>\n<\/tr>\n<tr class=\"odge\">\n<td>72<\/td>\n<td>99 px<\/td>\n<td>128 px<\/td>\n<\/tr>\n<tr>\n<td>100<\/td>\n<td>138&nbsp;px<\/td>\n<td>177&nbsp;px<\/td>\n<\/tr>\n<tr class=\"odge\">\n<td>150<\/td>\n<td>207&nbsp;px<\/td>\n<td>266&nbsp;px<\/td>\n<\/tr>\n<tr>\n<td>300<\/td>\n<td>413&nbsp;px<\/td>\n<td>532&nbsp;px<\/td>\n<\/tr>\n<tr>\n<td>600<\/td>\n<td>826&nbsp;px<\/td>\n<td>1064&nbsp;px<\/td>\n<\/tr>\n<tr>\n<td>1200<\/td>\n<td>1652&nbsp;px<\/td>\n<td>2128&nbsp;px<\/td>\n<\/tr>\n<\/tbody>\n<\/table>\n<\/div>\n<h2 id=\"biometrische-besonderheiten\">Biometrische Besonderheiten<\/h2>\n<p>Normale Passbilder wurden bisher meist im sog. Halbprofil mit einem Teil des Oberk\u00f6rpers aufgenommen.<br \/>\nBiometrische Passbilder sind da anders. Bei ihnen sollte 70 &#8211; 80% der H\u00f6he des Fotos mit der Gesichtsh\u00f6he ausgef\u00fcllt sein, also zwischen 32 &#8211; 36 mm. Zudem muss das Gesicht in der Mitte des Passfotos zentriert sein. Mehr dazu findest Du im Artikel <a title=\"Zum Artikel 'Wie mache ich ein biometrisches Passfoto?'\" href=\"https:\/\/www.persofoto.de\/lexikon\/reisepass\/wie-mache-ich-ein-biometrisches-passfoto\/\">\u201eWie mache ich ein biometrisches Passfoto?\u201c<\/a><\/p>\n<h2 id=\"masse-im-detail\">Die genauen Ma\u00dfe im Detail<\/h2>\n<p>Wie das Gesicht bzw. der Kopf auf dem Foto auszurichten ist, bestimmt die biometrische <a href=\"https:\/\/www.persofoto.de\/lexikon\/passbild\/biometrische-schablone\/\">Passbild-Schablone<\/a>. Am einfachsten lassen sich zuk\u00fcnftige Passbilder \u00fcber den oben verlinkten Passfoto-Generator anpassen. Die Masse im Detail fassen wir nun nachfolgend noch einmal kurz zusammen.<\/p>\n<p>Die L\u00e4nge des Passfotos insgesamt, betr\u00e4gt 45 mm. Die Breite 35 mm.<\/p>\n<p>Das frontal fotografierte Gesicht wird mittig auf dem Passfoto zentriert und an der Kinnlinie ausgerichtet. Es soll dabei zwischen 32 mm und 36 mm hoch sein.<\/p>\n","protected":false},"excerpt":{"rendered":"Auf dieser Seite Passbilder und biometrische Passbilder Bilder auf Passbildgr\u00f6\u00dfe zuschneiden Digitale Passbild-Gr\u00f6\u00dfe Biometrische Besonderheiten Die genauen Ma\u00dfe im Detail W\u00e4hrend Passbilder fr\u00fcher fast ausschlie\u00dflich f\u00fcr Reisepass und Personalausweis ben\u00f6tigt wurden, haben sich die Verwendungszwecke heute stark vermehrt. Immer mehr Universit\u00e4ten drucken die Bilder ihrer Studenten auf Studentenausweise, die Gesundheitskarte schm\u00fcckt ein Passfoto des Besitzers&#8230; <a class=\"view-article\" href=\"https:\/\/www.persofoto.de\/lexikon\/passbild\/groesse\/\">Anzeigen<\/a>","protected":false},"author":1,"featured_media":0,"parent":142,"menu_order":-99,"comment_status":"open","ping_status":"open","template":"","meta":[],"_links":{"self":[{"href":"https:\/\/www.persofoto.de\/lexikon\/wp-json\/wp\/v2\/pages\/50"}],"collection":[{"href":"https:\/\/www.persofoto.de\/lexikon\/wp-json\/wp\/v2\/pages"}],"about":[{"href":"https:\/\/www.persofoto.de\/lexikon\/wp-json\/wp\/v2\/types\/page"}],"author":[{"embeddable":true,"href":"https:\/\/www.persofoto.de\/lexikon\/wp-json\/wp\/v2\/users\/1"}],"replies":[{"embeddable":true,"href":"https:\/\/www.persofoto.de\/lexikon\/wp-json\/wp\/v2\/comments?post=50"}],"version-history":[{"count":28,"href":"https:\/\/www.persofoto.de\/lexikon\/wp-json\/wp\/v2\/pages\/50\/revisions"}],"predecessor-version":[{"id":3602,"href":"https:\/\/www.persofoto.de\/lexikon\/wp-json\/wp\/v2\/pages\/50\/revisions\/3602"}],"up":[{"embeddable":true,"href":"https:\/\/www.persofoto.de\/lexikon\/wp-json\/wp\/v2\/pages\/142"}],"wp:attachment":[{"href":"https:\/\/www.persofoto.de\/lexikon\/wp-json\/wp\/v2\/media?parent=50"}],"curies":[{"name":"wp","href":"https:\/\/api.w.org\/{rel}","templated":true}]}}