{"id":3267,"date":"2018-07-28T16:43:58","date_gmt":"2018-07-28T14:43:58","guid":{"rendered":"https:\/\/www.persofoto.de\/lexikon\/?page_id=3267"},"modified":"2020-10-27T00:48:44","modified_gmt":"2020-10-26T23:48:44","slug":"usa-vereinigte-staaten-von-amerika","status":"publish","type":"page","link":"https:\/\/www.persofoto.de\/lexikon\/auslaendische-passbildbestimmungen\/usa-vereinigte-staaten-von-amerika\/","title":{"rendered":"USA &#8211; Vereinigte Staaten von Amerika \ud83c\uddfa\ud83c\uddf8"},"content":{"rendered":"<p>In den USA \ud83c\uddfa\ud83c\uddf8 wird ein anderes Passfoto-Format verwendet, als bei uns in Deutschland. Die allgemeinen Anforderungen sind jedoch sehr \u00e4hnlich. Auf dieser Seite stellen wir zun\u00e4chst das Passbild-Format dem deutschen gegen\u00fcber und widmen uns dann den Anforderungen ans Bild und die fotografierte Person.<\/p>\n<h2>Das amerikanische Passfoto-Format<\/h2>\n<p>Passfotos in den USA sind absolut quadratisch und haben die <strong>Ma\u00dfe 2 \u00d7 2 inch<\/strong> (oder Zoll), was in etwa <strong>5,08 \u00d7&nbsp;5,08 cm<\/strong> entspricht.<\/p>\n<p><img class=\"img-responsive alignnone wp-image-3291 size-full\" src=\"https:\/\/www.persofoto.de\/lexikon\/wp-content\/uploads\/2018\/07\/passfoto-vergleich-de-us.jpg\" alt=\"Passfoto Vergleich Deutschland \/ USA\" width=\"1140\" height=\"576\" srcset=\"https:\/\/www.persofoto.de\/lexikon\/wp-content\/uploads\/2018\/07\/passfoto-vergleich-de-us.jpg 1140w, https:\/\/www.persofoto.de\/lexikon\/wp-content\/uploads\/2018\/07\/passfoto-vergleich-de-us-250x126.jpg 250w, https:\/\/www.persofoto.de\/lexikon\/wp-content\/uploads\/2018\/07\/passfoto-vergleich-de-us-768x388.jpg 768w, https:\/\/www.persofoto.de\/lexikon\/wp-content\/uploads\/2018\/07\/passfoto-vergleich-de-us-700x354.jpg 700w, https:\/\/www.persofoto.de\/lexikon\/wp-content\/uploads\/2018\/07\/passfoto-vergleich-de-us-120x61.jpg 120w\" sizes=\"(max-width: 1140px) 100vw, 1140px\" \/><\/p>\n<p>Der Kopf nimmt bei amerikanischen Passfotos nicht die gesamte Bildfl\u00e4che ein, wird aber ebenfalls an einer Schablone ausgerichtet. Seine Gr\u00f6\u00dfe liegt nach der Anpassung zwischen 27 mm und 30 mm (1.06&#8243; &#8211; 1.18&#8243;). Aufgrund des gr\u00f6\u00dferen Bild-Formats sind auch die Schultern und gro\u00dfe Teile des Oberk\u00f6rpers abgebildet. Wie diese aussehen und positioniert sind, ist nicht relevant &#8211; es geht prim\u00e4r um dem Kopf. Du solltest jedoch darauf achten, nicht unbedingt wei\u00dfe Kleidung zu tragen, damit Du Dich vom Hintergrund abhebst.<\/p>\n<p>Das Schaubild oben zeigt die Ausrichtung des Kopfes auf einem Passfoto nach den Passbild-Bestimmungen Deutschlands und der USA \u2013 links das deutsche, rechts das amerikanische.<\/p>\n<p>Die US-amerikanische Passbild-Schablone ist nachfolgend abgebildet. Wenn Du ein Foto an sie anpassen m\u00f6chtest, kannst Du gerne unseren kostenlosen <a href=\"https:\/\/www.persofoto.de\/upload\/visumfoto\/html5\/1555\">Passfoto-Generator f\u00fcr die USA<\/a> verwenden. Mit ihm kannst Du Dein Foto einfach an die Schablone anpassen und es wieder kostenlos herunterladen. Bei der digitalen <a href=\"https:\/\/www.persofoto.de\/lexikon\/visum\/united-states-of-america-usa\/\">Beantragung eines US-Visums<\/a> kannst Du das Foto so direkt verwenden.<\/p>\n<div id=\"attachment_3280\" style=\"width: 260px\" class=\"wp-caption alignright\"><a href=\"https:\/\/www.persofoto.de\/lexikon\/wp-content\/uploads\/2018\/07\/us-amerikanische-passbild-schablone.jpg\" target=\"_blank\" rel=\"noopener noreferrer\"><img aria-describedby=\"caption-attachment-3280\" class=\"wp-image-3280 size-medium\" src=\"https:\/\/www.persofoto.de\/lexikon\/wp-content\/uploads\/2018\/07\/us-amerikanische-passbild-schablone-250x250.jpg\" alt=\"US-amerikanische Passbild-Schablone\" width=\"250\" height=\"250\" srcset=\"https:\/\/www.persofoto.de\/lexikon\/wp-content\/uploads\/2018\/07\/us-amerikanische-passbild-schablone-250x250.jpg 250w, https:\/\/www.persofoto.de\/lexikon\/wp-content\/uploads\/2018\/07\/us-amerikanische-passbild-schablone-150x150.jpg 150w, https:\/\/www.persofoto.de\/lexikon\/wp-content\/uploads\/2018\/07\/us-amerikanische-passbild-schablone-120x120.jpg 120w, https:\/\/www.persofoto.de\/lexikon\/wp-content\/uploads\/2018\/07\/us-amerikanische-passbild-schablone.jpg 287w\" sizes=\"(max-width: 250px) 100vw, 250px\" \/><\/a><p id=\"caption-attachment-3280\" class=\"wp-caption-text\">US-amerikanische Passbild-Schablone<\/p><\/div>\n<hr>\n<h2>\u00c4hnliche Anforderungen<\/h2>\n<p>Die Anforderungen der amerikanischen Beh\u00f6rden an Passfotos \u00e4hneln sehr den in Deutschland geltenden Passbild-Bestimmungen. Beide orientieren sich immerhin am internationalen ICAO-Standard.<\/p>\n<h3>Frontalaufnahme<\/h3>\n<p>Gefordert wird wie bei uns der <strong>absolut frontale Blick direkt in die Kamera<\/strong>. Die USA machen jedoch nicht so einschr\u00e4nkende Vorgaben zur Kopfhaltung, wie die deutschen Beh\u00f6rden. In Deutschland lassen sich Gesichter bei minimaler Neigung nach vorn meist schon nicht mehr an die biometrische Schablone anpassen. In den USA gibt es keinen strengen Augenbereich. Es geht eher um die allgemeine Kopfgr\u00f6\u00dfe auf dem Bild, und darum, dass das Gesicht detailliert erkennbar ist.<\/p>\n<h3>Gute Ausleuchtung<\/h3>\n<p>Du solltest daher ebenfalls auf eine <strong>gute Ausleuchtung<\/strong> des Gesichts achten. Schaust Du bei der Aufnahme in Richtung eines Fensters, sollte Dein Gesicht gut ausgeleuchtet sein. Die Beh\u00f6rden fordern zudem einen neutralen Blick. Grimassen, L\u00e4cheln, selbst ein offener Mund &#8211; alles sind leider Ablehnungsgr\u00fcnde.<\/p>\n<h3>Bildausschnitt<\/h3>\n<p>Aufgrund des gr\u00f6\u00dferen Bildausschnittes musst Du die Kamera bei der Aufnahme des Ausgangsfotos etwas weiter weg positionieren. Alleine klappt es somit nur noch mit einem Selbstausl\u00f6ser &#8211; kein Arm ist lang genug. \ud83d\ude09 Besser w\u00e4re, jemand hilft Dir kurz und nimmt ein paar Fotos von Dir auf.<\/p>\n<p>Das beste kannst Du dann im <a href=\"https:\/\/www.persofoto.de\/upload\/visumfoto\/html5\/1557\">Passfoto-Generator f\u00fcr die USA<\/a> einfach zuschneiden.<\/p>\n<h3>Keine Brillen<\/h3>\n<p>Bis letztes Jahr waren Brillen kein Problem, solange sie keine starken Spiegelungen aufwiesen, oder die Augen verdeckten. So handhaben es ja auch die deutschen Beh\u00f6rden. Mittlerweile sind <strong>Brillen&nbsp;\ud83d\udc53<\/strong> auf US-Passfotos ausdr\u00fccklich <strong>nicht mehr gestattet<\/strong> und Passfotos mit Brille werden kategorisch abgelehnt. Dies gilt auch f\u00fcr Visa! Du solltest Deine Brille daher auf jeden Fall abziehen, damit Dein Visum- oder Greencard-Antrag nicht abgelehnt wird.<\/p>\n<p>Eine kurzweilige Darstellung der wichtigsten Anforderungen auch im Video des <em>U.S. Department of State<\/em>.<\/p>\n<div class=\"use-fitvids\"><iframe src=\"https:\/\/www.youtube.com\/embed\/WkKVjEUxIYM\" width=\"1521\" height=\"864\" frameborder=\"0\" allowfullscreen=\"allowfullscreen\"><\/iframe><\/div>\n<hr>\n<p>Nachfolgend noch einmal die&nbsp;Eigenschaften von deutschen und US-amerikanischen Passbildern im Vergleich:<\/p>\n<div class=\"table-responsive\">\n<table class=\"list\">\n<tbody>\n<tr>\n<th>Eigenschaft<\/th>\n<th>Deutschland<\/th>\n<th>United States<\/th>\n<\/tr>\n<tr class=\"odge\">\n<td>Passbild-Breite<\/td>\n<td><strong>35 mm<\/strong><\/td>\n<td><strong><strong>50,8 mm&nbsp;<\/strong><\/strong><strong>\u2248 2&#8243;<\/strong><\/td>\n<\/tr>\n<tr>\n<td>Passbild-H\u00f6he<\/td>\n<td><strong>45 mm<\/strong><\/td>\n<td><strong>50,8 mm&nbsp;<\/strong><strong>\u2248 2&#8243;<\/strong><\/td>\n<\/tr>\n<tr class=\"odge\">\n<td>Gesichtsh\u00f6he<\/td>\n<td><strong>32 &#8211; 36 mm<\/strong><\/td>\n<td><strong>27 &#8211; 30 mm \/ 1.06&#8243; &#8211; 1.18&#8243;<\/strong><\/td>\n<\/tr>\n<tr>\n<td>Ausrichtung<\/td>\n<td><strong>an Kinnlinie<\/strong><\/td>\n<td><strong>horizontal mittig zentriert<br \/>\nvertikal etwas oberhalb der Mitte<br \/>\n<\/strong><\/td>\n<\/tr>\n<tr class=\"odge\">\n<td>Hintergrund<\/td>\n<td><strong>wei\u00df oder hellgrau<\/strong><\/td>\n<td><b>wei\u00df <\/b><\/td>\n<\/tr>\n<\/tbody>\n<\/table>\n<\/div>\n<p>In dieser Tabelle ist leider alles fettgedruckt, weil sie nur Unterschiede aufzeigt.<\/p>\n","protected":false},"excerpt":{"rendered":"In den USA \ud83c\uddfa\ud83c\uddf8 wird ein anderes Passfoto-Format verwendet, als bei uns in Deutschland. Die allgemeinen Anforderungen sind jedoch sehr \u00e4hnlich. Auf dieser Seite stellen wir zun\u00e4chst das Passbild-Format dem deutschen gegen\u00fcber und widmen uns dann den Anforderungen ans Bild und die fotografierte Person. Das amerikanische Passfoto-Format Passfotos in den USA sind absolut quadratisch und&#8230; <a class=\"view-article\" href=\"https:\/\/www.persofoto.de\/lexikon\/auslaendische-passbildbestimmungen\/usa-vereinigte-staaten-von-amerika\/\">Anzeigen<\/a>","protected":false},"author":1,"featured_media":0,"parent":1582,"menu_order":0,"comment_status":"closed","ping_status":"closed","template":"","meta":[],"_links":{"self":[{"href":"https:\/\/www.persofoto.de\/lexikon\/wp-json\/wp\/v2\/pages\/3267"}],"collection":[{"href":"https:\/\/www.persofoto.de\/lexikon\/wp-json\/wp\/v2\/pages"}],"about":[{"href":"https:\/\/www.persofoto.de\/lexikon\/wp-json\/wp\/v2\/types\/page"}],"author":[{"embeddable":true,"href":"https:\/\/www.persofoto.de\/lexikon\/wp-json\/wp\/v2\/users\/1"}],"replies":[{"embeddable":true,"href":"https:\/\/www.persofoto.de\/lexikon\/wp-json\/wp\/v2\/comments?post=3267"}],"version-history":[{"count":47,"href":"https:\/\/www.persofoto.de\/lexikon\/wp-json\/wp\/v2\/pages\/3267\/revisions"}],"predecessor-version":[{"id":3615,"href":"https:\/\/www.persofoto.de\/lexikon\/wp-json\/wp\/v2\/pages\/3267\/revisions\/3615"}],"up":[{"embeddable":true,"href":"https:\/\/www.persofoto.de\/lexikon\/wp-json\/wp\/v2\/pages\/1582"}],"wp:attachment":[{"href":"https:\/\/www.persofoto.de\/lexikon\/wp-json\/wp\/v2\/media?parent=3267"}],"curies":[{"name":"wp","href":"https:\/\/api.w.org\/{rel}","templated":true}]}}