{"id":310,"date":"2009-10-18T23:40:59","date_gmt":"2009-10-18T21:40:59","guid":{"rendered":"http:\/\/www.persofoto.de\/?page_id=310"},"modified":"2020-12-01T22:05:43","modified_gmt":"2020-12-01T21:05:43","slug":"wie-mache-ich-selber-ein-passbild-kurzanleitung","status":"publish","type":"page","link":"https:\/\/www.persofoto.de\/lexikon\/passbild\/wie-mache-ich-selber-ein-passbild-kurzanleitung\/","title":{"rendered":"Wie mache ich das Passbild Foto selbst? (Kurzanleitung) \u23f1\ufe0f"},"content":{"rendered":"<nav class=\"chapter-toc\">\n<h2>Auf dieser Seite<\/h2>\n<ul>\n<li><a class=\"smooth\" href=\"#hintergrund\">Hintergrund<\/a><\/li>\n<li><a class=\"smooth\" href=\"#bildausschnitt\">Bildausschnitt<\/a><\/li>\n<li><a class=\"smooth\" href=\"#biometrisches-passbild\">Biometrisches Passbild?<\/a><\/li>\n<li><a class=\"smooth\" href=\"#passfoto-generator-benutzen\">Passfoto-Generator benutzen<\/a><\/li>\n<\/ul>\n<\/nav>\n<div class=\"use-fitvids\"><iframe style=\"display: block; margin: 0 auto;\" src=\"https:\/\/www.youtube.com\/embed\/PblBGrMd2rE?;rel=0;autoplay=0&amp;modestbranding=1&amp;showinfo=0&amp;controls=0;showinfo=0\" width=\"420\" height=\"315\" frameborder=\"0\" allowfullscreen=\"allowfullscreen\"><\/iframe><\/div>\n<h2 id=\"hintergrund\">Hintergrund<\/h2>\n<p>Zu allererst brauchst Du eine <strong>gleichm\u00e4\u00dfige helle Fl\u00e4che<\/strong>, vor der Du Dich fotografieren kannst. Perfekt w\u00e4re eine wei\u00dfe Wand, an der keine Bilder h\u00e4ngen und vor der keine Schr\u00e4nke stehen. Zur Not kannst Du ein helles Bettlaken vor einen T\u00fcrrahmen h\u00e4ngen. Auch der ein oder andere K\u00fchlschrank bietet gen\u00fcgend helle Fl\u00e4che.<br \/>\nEine helle Hausau\u00dfenwand funktioniert ebenfalls &#8211; hier sind die Lichtverh\u00e4ltnisse meist sogar direkt perfekt!<\/p>\n<h2 id=\"bildausschnitt\">Bildausschnitt<\/h2>\n<p>Dann l\u00e4sst Du Dich am besten von jemandem <strong>aus einiger Entfernung fotografieren<\/strong>. Der Ausschnitt sollte nicht zu klein oder nah sein. Am besten mit Oberk\u00f6rper und etwas &#8222;Luft&#8220; \u00fcber dem Kopf. Versuche nicht, das Ausgangsfoto schon wie ein Passbild aussehen zu lassen.<\/p>\n<h2 id=\"biometrisches-passbild\">Biometrisches Passbild?<\/h2>\n<p>Je nachdem wof\u00fcr Du das Passbild ben\u00f6tigst, gilt es jetzt nat\u00fcrlich, die <a href=\"https:\/\/www.persofoto.de\/lexikon\/reisepass\/wie-mache-ich-ein-biometrisches-passfoto\/\">Richtlinien f\u00fcr ein biometrisches Passbild<\/a> zu beachten.<\/p>\n<p>F\u00fcr den neuen elektronischen Personalausweis werden seit November 2010 auch die gleichen biometrische Passbilder ben\u00f6tigt, wie f\u00fcr den Reisepass und den F\u00fchrerschein.<\/p>\n<p>Wenn Du Probleme mit Schatten hast, entferne Dich ein wenig vom Hintergrund \/ der Wand. Bei ca. 40 cm Entfernung zum Hintergrund sollten weniger Schatten zu sehen sein. Wenn das nicht hilft, schalte den Blitz ganz aus, oder ver\u00e4ndere die Lichtverh\u00e4ltnisse im Raum. Ein Fenster wirklich zu \u00f6ffnen l\u00e4sst z.B. schon wieder mehr Licht herein.<\/p>\n<h2 id=\"passfoto-generator-benutzen\">Passfoto-Generator benutzen<\/h2>\n<p>Wenn Du zufrieden mit Deinem Foto bist, kannst Du es in unserem <strong><a title=\"Passfoto-Generator\" href=\"https:\/\/www.persofoto.de\/upload\/passbild\">Passfoto-Generator<\/a><\/strong> hochladen und an die Schablone anpassen. Es wird auch direkt auf das richtige Seitenverh\u00e4ltnis zugeschnitten. Achte darauf, die Augen horizontal auszurichten.<\/p>\n<div style=\"width: 47%; float: left; margin: 0 .5em;\">\n<h2>per Download<\/h2>\n<p>Zum Schluss kannst Du Dein <strong>Passbild kostenlos herunterladen<\/strong>. Wenn Du es selbst ausdrucken willst, solltest Du Dir <a href=\"https:\/\/www.persofoto.de\/lexikon\/passbild\/passfoto-selber-ausdrucken\/\">diese Anleitung<\/a> durchlesen.<\/p>\n<\/div>\n<div style=\"width: 47%; float: left; margin: 0 .5em;\">\n<h2>per Post<\/h2>\n<p>Oder Du bestellst ganz unkompliziert <strong>6 Passbilder f\u00fcr 8,95 \u20ac<sup>1<\/sup> inkl. Versand<\/strong>.<\/p>\n<\/div>\n<p><img class=\"img-responsive aligncenter wp-image-96 size-full\" title=\"Gr\u00f6\u00dfe und Ausrichtung\" src=\"https:\/\/www.persofoto.de\/lexikon\/wp-content\/uploads\/2009\/09\/service_buerger_fotom2.jpg\" alt=\"Gr\u00f6\u00dfe und Ausrichtung\" width=\"471\" height=\"321\" srcset=\"https:\/\/www.persofoto.de\/lexikon\/wp-content\/uploads\/2009\/09\/service_buerger_fotom2.jpg 471w, https:\/\/www.persofoto.de\/lexikon\/wp-content\/uploads\/2009\/09\/service_buerger_fotom2-250x170.jpg 250w, https:\/\/www.persofoto.de\/lexikon\/wp-content\/uploads\/2009\/09\/service_buerger_fotom2-120x82.jpg 120w\" sizes=\"(max-width: 471px) 100vw, 471px\" \/><\/p>\n<p style=\"float: right;\"><em>Quelle: Bundesdruckerei<\/em><\/p>\n<p style=\"text-align: center;\"><a class=\"flat-button orange-flat-button\" title=\"Bild hochladen und zuschneiden!\" href=\"https:\/\/www.persofoto.de\/upload\/passbild\">Bild hochladen und zuschneiden!<\/a><\/p>\n","protected":false},"excerpt":{"rendered":"Auf dieser Seite Hintergrund Bildausschnitt Biometrisches Passbild? Passfoto-Generator benutzen Hintergrund Zu allererst brauchst Du eine gleichm\u00e4\u00dfige helle Fl\u00e4che, vor der Du Dich fotografieren kannst. Perfekt w\u00e4re eine wei\u00dfe Wand, an der keine Bilder h\u00e4ngen und vor der keine Schr\u00e4nke stehen. Zur Not kannst Du ein helles Bettlaken vor einen T\u00fcrrahmen h\u00e4ngen. Auch der ein oder&#8230; <a class=\"view-article\" href=\"https:\/\/www.persofoto.de\/lexikon\/passbild\/wie-mache-ich-selber-ein-passbild-kurzanleitung\/\">Anzeigen<\/a>","protected":false},"author":1,"featured_media":0,"parent":142,"menu_order":-98,"comment_status":"open","ping_status":"open","template":"","meta":[],"_links":{"self":[{"href":"https:\/\/www.persofoto.de\/lexikon\/wp-json\/wp\/v2\/pages\/310"}],"collection":[{"href":"https:\/\/www.persofoto.de\/lexikon\/wp-json\/wp\/v2\/pages"}],"about":[{"href":"https:\/\/www.persofoto.de\/lexikon\/wp-json\/wp\/v2\/types\/page"}],"author":[{"embeddable":true,"href":"https:\/\/www.persofoto.de\/lexikon\/wp-json\/wp\/v2\/users\/1"}],"replies":[{"embeddable":true,"href":"https:\/\/www.persofoto.de\/lexikon\/wp-json\/wp\/v2\/comments?post=310"}],"version-history":[{"count":19,"href":"https:\/\/www.persofoto.de\/lexikon\/wp-json\/wp\/v2\/pages\/310\/revisions"}],"predecessor-version":[{"id":3731,"href":"https:\/\/www.persofoto.de\/lexikon\/wp-json\/wp\/v2\/pages\/310\/revisions\/3731"}],"up":[{"embeddable":true,"href":"https:\/\/www.persofoto.de\/lexikon\/wp-json\/wp\/v2\/pages\/142"}],"wp:attachment":[{"href":"https:\/\/www.persofoto.de\/lexikon\/wp-json\/wp\/v2\/media?parent=310"}],"curies":[{"name":"wp","href":"https:\/\/api.w.org\/{rel}","templated":true}]}}