{"id":2976,"date":"2018-06-17T22:04:08","date_gmt":"2018-06-17T20:04:08","guid":{"rendered":"https:\/\/www.persofoto.de\/lexikon\/?page_id=2976"},"modified":"2018-06-17T22:52:08","modified_gmt":"2018-06-17T20:52:08","slug":"schweden","status":"publish","type":"page","link":"https:\/\/www.persofoto.de\/lexikon\/einreisebestimmungen\/schweden\/","title":{"rendered":"\ud83c\uddf8\ud83c\uddea Schweden"},"content":{"rendered":"<p>Die Einreise nach Schweden ist mit einem deutschen Personalausweis uneingeschr\u00e4nkt m\u00f6glich, selbst wenn dieser bis zu einem Jahr abgelaufen ist. Ein Reisepass wird selbstverst\u00e4ndlich auch anerkannt. Kinderreisep\u00e4sse ebenfalls.<\/p>\n<div class=\"table-responsive\">\n<table class=\"list\">\n<tbody>\n<tr class=\"odge\">\n<th>(vorl\u00e4ufiger) Personalausweis<\/th>\n<td>(ja) \/ ja<\/td>\n<\/tr>\n<tr class=\"even\">\n<th>Kinderreisepass<\/th>\n<td>ja<\/td>\n<\/tr>\n<tr class=\"odge\">\n<th>(vorl\u00e4ufiger) Reisepass<\/th>\n<td>(ja) \/ ja<\/td>\n<\/tr>\n<\/tbody>\n<\/table>\n<\/div>\n<hr \/>\n<p>Einreise mit: Personalausweis \ud83c\udd94, Reisepass \ud83d\udec2, Kinderreisepass \ud83d\udc76\ud83d\udec2.<\/p>\n","protected":false},"excerpt":{"rendered":"Die Einreise nach Schweden ist mit einem deutschen Personalausweis uneingeschr\u00e4nkt m\u00f6glich, selbst wenn dieser bis zu einem Jahr abgelaufen ist. Ein Reisepass wird selbstverst\u00e4ndlich auch anerkannt. Kinderreisep\u00e4sse ebenfalls. (vorl\u00e4ufiger) Personalausweis (ja) \/ ja Kinderreisepass ja (vorl\u00e4ufiger) Reisepass (ja) \/ ja Einreise mit: Personalausweis \ud83c\udd94, Reisepass \ud83d\udec2, Kinderreisepass \ud83d\udc76\ud83d\udec2.","protected":false},"author":1,"featured_media":0,"parent":923,"menu_order":0,"comment_status":"closed","ping_status":"closed","template":"","meta":[],"_links":{"self":[{"href":"https:\/\/www.persofoto.de\/lexikon\/wp-json\/wp\/v2\/pages\/2976"}],"collection":[{"href":"https:\/\/www.persofoto.de\/lexikon\/wp-json\/wp\/v2\/pages"}],"about":[{"href":"https:\/\/www.persofoto.de\/lexikon\/wp-json\/wp\/v2\/types\/page"}],"author":[{"embeddable":true,"href":"https:\/\/www.persofoto.de\/lexikon\/wp-json\/wp\/v2\/users\/1"}],"replies":[{"embeddable":true,"href":"https:\/\/www.persofoto.de\/lexikon\/wp-json\/wp\/v2\/comments?post=2976"}],"version-history":[{"count":5,"href":"https:\/\/www.persofoto.de\/lexikon\/wp-json\/wp\/v2\/pages\/2976\/revisions"}],"predecessor-version":[{"id":3053,"href":"https:\/\/www.persofoto.de\/lexikon\/wp-json\/wp\/v2\/pages\/2976\/revisions\/3053"}],"up":[{"embeddable":true,"href":"https:\/\/www.persofoto.de\/lexikon\/wp-json\/wp\/v2\/pages\/923"}],"wp:attachment":[{"href":"https:\/\/www.persofoto.de\/lexikon\/wp-json\/wp\/v2\/media?parent=2976"}],"curies":[{"name":"wp","href":"https:\/\/api.w.org\/{rel}","templated":true}]}}