{"id":2810,"date":"2016-10-22T14:46:45","date_gmt":"2016-10-22T12:46:45","guid":{"rendered":"https:\/\/www.persofoto.de\/lexikon\/?page_id=2810"},"modified":"2016-10-22T14:47:02","modified_gmt":"2016-10-22T12:47:02","slug":"online-ausweisfunktion","status":"publish","type":"page","link":"https:\/\/www.persofoto.de\/lexikon\/personalausweis\/online-ausweisfunktion\/","title":{"rendered":"Online-Ausweisfunktion"},"content":{"rendered":"<p>Hat man einen Personalausweis mit aktivierter Online-Ausweisfunktion, kann man sich im Internet bei vielen Anbietern und auch gegen\u00fcber den Beh\u00f6rden problemlos identifizieren.<\/p>\n<p>Soll bspw. ein neues Bankkonto er\u00f6ffnet werden, wird dann nicht wie bisher ein Postident-Verfahren n\u00f6tig. Die Identit\u00e4t kann direkt online gepr\u00fcft werden. Auch lassen sich einige Beh\u00f6rdeng\u00e4nge einfach durch einen Klick erledigen\u00a0&#8211; ein Vormittag mehr zur freien Verf\u00fcgung.<\/p>\n<p>Ben\u00f6tigt wird hierf\u00fcr:<\/p>\n<ul>\n<li>ein neuer Personalausweis mit aktivierter Online-Ausweisfunktion,<\/li>\n<li>ein Kartenleseger\u00e4t,<\/li>\n<li>die PIN,<\/li>\n<li>und ggf. eine kostenlose Ausweis-Software.<\/li>\n<\/ul>\n<p>Hat man die Online-Ausweisfunktion nicht direkt bei der Beantragung des Personalausweises aktiviert, kann man dies auch nachtr\u00e4glich machen. Hierf\u00fcr wird dann eine Geb\u00fchr von 6 Euro f\u00e4llig. Weitere Geb\u00fchren, wie die f\u00fcr die \u00c4nderung der PIN, sind in der <a href=\"https:\/\/www.persofoto.de\/lexikon\/personalausweis\/personalausweis-kosten\/\">Geb\u00fchren\u00fcbersicht<\/a> zu finden.<\/p>\n","protected":false},"excerpt":{"rendered":"Hat man einen Personalausweis mit aktivierter Online-Ausweisfunktion, kann man sich im Internet bei vielen Anbietern und auch gegen\u00fcber den Beh\u00f6rden problemlos identifizieren. Soll bspw. ein neues Bankkonto er\u00f6ffnet werden, wird dann nicht wie bisher ein Postident-Verfahren n\u00f6tig. Die Identit\u00e4t kann direkt online gepr\u00fcft werden. Auch lassen sich einige Beh\u00f6rdeng\u00e4nge einfach durch einen Klick erledigen\u00a0&#8211; ein&#8230; <a class=\"view-article\" href=\"https:\/\/www.persofoto.de\/lexikon\/personalausweis\/online-ausweisfunktion\/\">Anzeigen<\/a>","protected":false},"author":1,"featured_media":0,"parent":33,"menu_order":0,"comment_status":"closed","ping_status":"closed","template":"","meta":[],"_links":{"self":[{"href":"https:\/\/www.persofoto.de\/lexikon\/wp-json\/wp\/v2\/pages\/2810"}],"collection":[{"href":"https:\/\/www.persofoto.de\/lexikon\/wp-json\/wp\/v2\/pages"}],"about":[{"href":"https:\/\/www.persofoto.de\/lexikon\/wp-json\/wp\/v2\/types\/page"}],"author":[{"embeddable":true,"href":"https:\/\/www.persofoto.de\/lexikon\/wp-json\/wp\/v2\/users\/1"}],"replies":[{"embeddable":true,"href":"https:\/\/www.persofoto.de\/lexikon\/wp-json\/wp\/v2\/comments?post=2810"}],"version-history":[{"count":1,"href":"https:\/\/www.persofoto.de\/lexikon\/wp-json\/wp\/v2\/pages\/2810\/revisions"}],"predecessor-version":[{"id":2811,"href":"https:\/\/www.persofoto.de\/lexikon\/wp-json\/wp\/v2\/pages\/2810\/revisions\/2811"}],"up":[{"embeddable":true,"href":"https:\/\/www.persofoto.de\/lexikon\/wp-json\/wp\/v2\/pages\/33"}],"wp:attachment":[{"href":"https:\/\/www.persofoto.de\/lexikon\/wp-json\/wp\/v2\/media?parent=2810"}],"curies":[{"name":"wp","href":"https:\/\/api.w.org\/{rel}","templated":true}]}}