{"id":2714,"date":"2016-10-18T15:26:47","date_gmt":"2016-10-18T13:26:47","guid":{"rendered":"https:\/\/www.persofoto.de\/lexikon\/?page_id=2714"},"modified":"2018-06-24T02:53:49","modified_gmt":"2018-06-24T00:53:49","slug":"passfoto","status":"publish","type":"page","link":"https:\/\/www.persofoto.de\/lexikon\/kinderreisepass\/passfoto\/","title":{"rendered":"Passfoto"},"content":{"rendered":"<p>Auch f\u00fcr einen Kinderreisepass werden biometrische Passfotos ben\u00f6tigt, selbst wenn es sich beim Besitzer um ein Kleinkind oder Baby handelt. Die <a href=\"https:\/\/www.persofoto.de\/lexikon\/reisepass\/wie-mache-ich-ein-biometrisches-passfoto\/\">Passbild-Bestimmungen<\/a> gelten in diesem Fall jedoch in etwas abgeschw\u00e4chter Form.<\/p>\n<p>Die allgemeinen\u00a0Anforderungen an biometrische Passbilder gelten jedoch auch bei Kleinkindern und Babys. Die Ausnahmen betreffen je nach Alter lediglich:<\/p>\n<ul>\n<li>die Blickrichtung,<\/li>\n<li>den Gesichtsausdruck,<\/li>\n<li>und die Position von Mund \/ Augen.<\/li>\n<\/ul>\n<p>So d\u00fcrfen Kleinkinder bspw. problemlos l\u00e4cheln oder den Blick in weite Ferne (oder das n\u00e4chstgelegene Spielzeug) richten, w\u00e4hrend Erwachsene mit neutraler Mine und geschlossenem Mund direkt in die Kamera schauen m\u00fcssen.<\/p>\n<p>Alle\u00a0<a href=\"https:\/\/www.persofoto.de\/lexikon\/reisepass\/wie-mache-ich-ein-biometrisches-babyfoto\/\">Besonderheiten f\u00fcr Kleinkinder und Babys<\/a> sind in einem eigenen Abschnitt der Passbild-Bestimmungen aufgef\u00fchrt.<\/p>\n<div class=\"table-responsive\">\n<table class=\"list\">\n<tbody>\n<tr>\n<th>Alter<\/th>\n<th>Besonderheiten<\/th>\n<\/tr>\n<tr class=\"odge\">\n<td>0 bis 6 Jahre<\/td>\n<td>Ausnahmen bzgl. Gesichtsausdruck, hinsichtlich Augen und Blickrichtung.<\/td>\n<\/tr>\n<tr class=\"even\">\n<td>6 bis 10 Jahre<\/td>\n<td>Gr\u00f6\u00dfere Toleranz bei der Anpassung des Gesichts an die Schablone.<\/td>\n<\/tr>\n<tr class=\"odge\">\n<td>ab 10 Jahre<\/td>\n<td>Gleiche Anforderungen und Strenge, wie bei Erwachsenen.<\/td>\n<\/tr>\n<\/tbody>\n<\/table>\n<\/div>\n<p>Wichtig ist, dass das Gesicht\u00a0selbst bei Babys und Kleinkindern absolut frontal fotografiert werden muss. Die Kamera sollte daher mittig vor dem Gesicht und auf Augenh\u00f6he gehalten werden. Wird das Gesicht bspw. etwas seitlich abgebildet oder von oben fotografiert, kann\u00a0das Foto sehr leicht abgelehnt werden.<\/p>\n<p>Fotografiert man als ein Erwachsener ein stehendes Kind, sollte man daher etwas in die Hocke gehen. Ein Baby l\u00e4sst sich gut fotografieren, wenn es auf einem hellen Laken liegt. Die Kamera dann nur nicht parallel zum Untergrund ausrichten, sondern vertikal, als auch horizontal mittig vor dem Gesicht des Babys halten.<\/p>\n","protected":false},"excerpt":{"rendered":"Auch f\u00fcr einen Kinderreisepass werden biometrische Passfotos ben\u00f6tigt, selbst wenn es sich beim Besitzer um ein Kleinkind oder Baby handelt. Die Passbild-Bestimmungen gelten in diesem Fall jedoch in etwas abgeschw\u00e4chter Form. Die allgemeinen\u00a0Anforderungen an biometrische Passbilder gelten jedoch auch bei Kleinkindern und Babys. Die Ausnahmen betreffen je nach Alter lediglich: die Blickrichtung, den Gesichtsausdruck, und&#8230; <a class=\"view-article\" href=\"https:\/\/www.persofoto.de\/lexikon\/kinderreisepass\/passfoto\/\">Anzeigen<\/a>","protected":false},"author":1,"featured_media":0,"parent":1861,"menu_order":0,"comment_status":"closed","ping_status":"closed","template":"","meta":[],"_links":{"self":[{"href":"https:\/\/www.persofoto.de\/lexikon\/wp-json\/wp\/v2\/pages\/2714"}],"collection":[{"href":"https:\/\/www.persofoto.de\/lexikon\/wp-json\/wp\/v2\/pages"}],"about":[{"href":"https:\/\/www.persofoto.de\/lexikon\/wp-json\/wp\/v2\/types\/page"}],"author":[{"embeddable":true,"href":"https:\/\/www.persofoto.de\/lexikon\/wp-json\/wp\/v2\/users\/1"}],"replies":[{"embeddable":true,"href":"https:\/\/www.persofoto.de\/lexikon\/wp-json\/wp\/v2\/comments?post=2714"}],"version-history":[{"count":6,"href":"https:\/\/www.persofoto.de\/lexikon\/wp-json\/wp\/v2\/pages\/2714\/revisions"}],"predecessor-version":[{"id":3172,"href":"https:\/\/www.persofoto.de\/lexikon\/wp-json\/wp\/v2\/pages\/2714\/revisions\/3172"}],"up":[{"embeddable":true,"href":"https:\/\/www.persofoto.de\/lexikon\/wp-json\/wp\/v2\/pages\/1861"}],"wp:attachment":[{"href":"https:\/\/www.persofoto.de\/lexikon\/wp-json\/wp\/v2\/media?parent=2714"}],"curies":[{"name":"wp","href":"https:\/\/api.w.org\/{rel}","templated":true}]}}