{"id":2620,"date":"2015-11-22T16:12:46","date_gmt":"2015-11-22T15:12:46","guid":{"rendered":"https:\/\/www.persofoto.de\/lexikon\/?page_id=2620"},"modified":"2016-10-19T21:48:20","modified_gmt":"2016-10-19T19:48:20","slug":"russland","status":"publish","type":"page","link":"https:\/\/www.persofoto.de\/lexikon\/visum\/russland\/","title":{"rendered":"Russland \ud83c\uddf7\ud83c\uddfa"},"content":{"rendered":"<p>F\u00fcr die Einreise nach\u00a0Russland \ud83c\uddf7\ud83c\uddfa\u00a0ben\u00f6tigen deutsche Staatsb\u00fcrger ein Visum. Dar\u00fcber hinaus wird ein Reisepass ben\u00f6tigt, der noch mindestens 6 Monate g\u00fcltig sein muss.<\/p>\n<p>F\u00fcr das Visum werden 2 biometrische <a href=\"https:\/\/www.persofoto.de\/upload\/passbild\/html5\/1130\" target=\"_blank\">Passfotos im Format 35 \u00d7 45 mm<\/a> ben\u00f6tigt. Wer sich bei der Erstellung an die <a href=\"https:\/\/www.persofoto.de\/lexikon\/reisepass\/wie-mache-ich-ein-biometrisches-passfoto\/\">deutschen Passbild-Bestimmungen<\/a> h\u00e4lt, ist auf der sicheren Seite.<\/p>\n<p>Beim Ausf\u00fcllen des Visa-Antrags werden ebenfalls Angaben zur Reisekrankenversicherung ben\u00f6tigt. Diese ist also zwingend erforderlich und sollte eine Mindest-Deckungssumme von 30.000 Euro haben.<\/p>\n<p>&nbsp;<\/p>\n","protected":false},"excerpt":{"rendered":"F\u00fcr die Einreise nach\u00a0Russland \ud83c\uddf7\ud83c\uddfa\u00a0ben\u00f6tigen deutsche Staatsb\u00fcrger ein Visum. Dar\u00fcber hinaus wird ein Reisepass ben\u00f6tigt, der noch mindestens 6 Monate g\u00fcltig sein muss. F\u00fcr das Visum werden 2 biometrische Passfotos im Format 35 \u00d7 45 mm ben\u00f6tigt. Wer sich bei der Erstellung an die deutschen Passbild-Bestimmungen h\u00e4lt, ist auf der sicheren Seite. Beim Ausf\u00fcllen des&#8230; <a class=\"view-article\" href=\"https:\/\/www.persofoto.de\/lexikon\/visum\/russland\/\">Anzeigen<\/a>","protected":false},"author":1,"featured_media":0,"parent":1483,"menu_order":0,"comment_status":"closed","ping_status":"closed","template":"","meta":[],"_links":{"self":[{"href":"https:\/\/www.persofoto.de\/lexikon\/wp-json\/wp\/v2\/pages\/2620"}],"collection":[{"href":"https:\/\/www.persofoto.de\/lexikon\/wp-json\/wp\/v2\/pages"}],"about":[{"href":"https:\/\/www.persofoto.de\/lexikon\/wp-json\/wp\/v2\/types\/page"}],"author":[{"embeddable":true,"href":"https:\/\/www.persofoto.de\/lexikon\/wp-json\/wp\/v2\/users\/1"}],"replies":[{"embeddable":true,"href":"https:\/\/www.persofoto.de\/lexikon\/wp-json\/wp\/v2\/comments?post=2620"}],"version-history":[{"count":3,"href":"https:\/\/www.persofoto.de\/lexikon\/wp-json\/wp\/v2\/pages\/2620\/revisions"}],"predecessor-version":[{"id":2775,"href":"https:\/\/www.persofoto.de\/lexikon\/wp-json\/wp\/v2\/pages\/2620\/revisions\/2775"}],"up":[{"embeddable":true,"href":"https:\/\/www.persofoto.de\/lexikon\/wp-json\/wp\/v2\/pages\/1483"}],"wp:attachment":[{"href":"https:\/\/www.persofoto.de\/lexikon\/wp-json\/wp\/v2\/media?parent=2620"}],"curies":[{"name":"wp","href":"https:\/\/api.w.org\/{rel}","templated":true}]}}

<p>Für die Einreise nach Russland 🇷🇺 benötigen deutsche Staatsbürger ein Visum. Darüber hinaus wird ein Reisepass benötigt, der noch mindestens 6 Monate gültig sein muss.</p>
<p>Für das Visum werden 2 biometrische <a href="https://www.persofoto.de/upload/passbild/html5/1130" target="_blank">Passfotos im Format 35 × 45 mm</a> benötigt. Wer sich bei der Erstellung an die <a href="https://www.persofoto.de/lexikon/reisepass/wie-mache-ich-ein-biometrisches-passfoto/">deutschen Passbild-Bestimmungen</a> hält, ist auf der sicheren Seite.</p>
<p>Beim Ausfüllen des Visa-Antrags werden ebenfalls Angaben zur Reisekrankenversicherung benötigt. Diese ist also zwingend erforderlich und sollte eine Mindest-Deckungssumme von 30.000 Euro haben.</p>
<p>&nbsp;</p>

Für die Einreise nach Russland 🇷🇺 benötigen deutsche Staatsbürger ein Visum. Darüber hinaus wird ein Reisepass benötigt, der noch mindestens 6 Monate gültig sein muss. Für das Visum werden 2 biometrische Passfotos im Format 35 × 45 mm benötigt. Wer sich bei der Erstellung an die deutschen Passbild-Bestimmungen hält, ist auf der sicheren Seite. Beim Ausfüllen des&#8230; <a class="view-article" href="https://www.persofoto.de/lexikon/visum/russland/">Anzeigen</a>
