{"id":2512,"date":"2015-11-05T13:30:52","date_gmt":"2015-11-05T12:30:52","guid":{"rendered":"https:\/\/www.persofoto.de\/lexikon\/?page_id=2512"},"modified":"2020-01-07T00:53:17","modified_gmt":"2020-01-06T23:53:17","slug":"tuerkei","status":"publish","type":"page","link":"https:\/\/www.persofoto.de\/lexikon\/auslaendische-passbildbestimmungen\/tuerkei\/","title":{"rendered":"T\u00fcrkei \ud83c\uddf9\ud83c\uddf7"},"content":{"rendered":"<nav class=\"chapter-toc\">\n<h2>Auf dieser Seite<\/h2>\n<ul>\n<li><a class=\"smooth\" href=\"#format-und-anforderungen\">Passbild-Format und Anforderungen<\/a><\/li>\n<li><a class=\"smooth\" href=\"#gebuehren-des-tuerkischen-passes\">Geb\u00fchren des t\u00fcrkischen Passes<\/a><\/li>\n<\/ul>\n<\/nav>\n<h2 id=\"format-und-anforderungen\">Passbild-Format und Anforderungen<\/h2>\n<p>Die T\u00fcrkei \ud83c\uddf9\ud83c\uddf7&nbsp;verwendet f\u00fcr seine Ausweise ein etwas spezielleres <strong>Format von 50 \u00d7 60 mm<\/strong>. Die Bilder m\u00fcssen biometrisch sein und orientieren sich am ICAO-Standard. Daher gelten \u00e4hnliche <a href=\"https:\/\/www.persofoto.de\/lexikon\/reisepass\/wie-mache-ich-ein-biometrisches-passfoto\/\">Anforderungen, wie auch in Deutschland<\/a>.<\/p>\n<p>In der T\u00fcrkei gibt es zahlreiche verschiedene Reisep\u00e4sse, die sich nach Antragsteller und der Einband-Farbe unterscheiden lassen:<\/p>\n<ul>\n<li>Pass (rotbraun),<\/li>\n<li>Private Reisep\u00e4sse (gr\u00fcn),<\/li>\n<li>Dienstp\u00e4sse (blaugrau),<\/li>\n<li>Diplomatenp\u00e4sse (schwarz),<\/li>\n<li>Vorl\u00e4ufige Reisep\u00e4sse.<\/li>\n<\/ul>\n<p>Wie auch in Deutschland \u00fcblich, m\u00fcssen t\u00fcrkische Reisep\u00e4sse pers\u00f6nlich beantragt und auch abgeholt werden. Bei im Ausland lebenden t\u00fcrkischen Staatsb\u00fcrgern ist dies beim Konsulat vor Ort m\u00f6glich.<\/p>\n<hr>\n<p>&nbsp;<\/p>\n<h2 id=\"gebuehren\">Geb\u00fchren des t\u00fcrkischen Passes<\/h2>\n<div class=\"table-responsive\">\n<table class=\"list\">\n<tbody>\n<tr>\n<th>G\u00fcltigkeit<\/th>\n<th>Bearbeitungs\u00adkosten<\/th>\n<th>B\u00fcchlein<br \/>\n(Ausstellung)<\/th>\n<th>Gesamt<\/th>\n<\/tr>\n<tr class=\"odge\">\n<td>6 Monate<\/td>\n<td>105,8 TL<\/td>\n<td>82,5 TL<br \/>\n<small>ca. 26,44 Euro<\/small><\/td>\n<td>188,3 TL<br \/>\n<small>ca. 60,36 Euro<\/small><\/td>\n<\/tr>\n<tr>\n<td>1 Jahr<\/td>\n<td>154,7 TL<\/td>\n<td>82,5 TL<br \/>\n<small>ca. 26,44 Euro<\/small><\/td>\n<td>237,2 TL<br \/>\n<small>ca. 76,03 Euro<\/small><\/td>\n<\/tr>\n<tr class=\"odge\">\n<td>2 Jahre<\/td>\n<td>252,4 TL<\/td>\n<td>82,5 TL<br \/>\n<small>ca. 26,44 Euro<\/small><\/td>\n<td>334,9 TL<br \/>\n<small>ca. 107,35 Euro<\/small><\/td>\n<\/tr>\n<tr>\n<td>3 Jahre<\/td>\n<td>358,4 TL<\/td>\n<td>82,5 TL<br \/>\n<small>ca. 26,44 Euro<\/small><\/td>\n<td>440,9 TL<br \/>\n<small>ca. 141,32 Euro<\/small><\/td>\n<\/tr>\n<tr>\n<td>4 &#8211; 10 Jahre<\/td>\n<td>505 TL<\/td>\n<td>82,5 TL<br \/>\n<small>ca. 26,44 Euro<\/small><\/td>\n<td>587,5 TL<br \/>\n<small>ca. 188,31 Euro<\/small><\/td>\n<\/tr>\n<\/tbody>\n<\/table>\n<\/div>\n<p>Weitere Details sind auf der speziell f\u00fcr Ausweise eingerichteten offiziellen&nbsp;<a href=\"https:\/\/www.konsolosluk.gov.tr\/Procedure\/ShowProcedure\/4\" target=\"_blank\" rel=\"noopener noreferrer\">Regierungs-Seite zum Thema Reisepass<\/a> zu finden.<\/p>\n","protected":false},"excerpt":{"rendered":"Auf dieser Seite Passbild-Format und Anforderungen Geb\u00fchren des t\u00fcrkischen Passes Passbild-Format und Anforderungen Die T\u00fcrkei \ud83c\uddf9\ud83c\uddf7&nbsp;verwendet f\u00fcr seine Ausweise ein etwas spezielleres Format von 50 \u00d7 60 mm. Die Bilder m\u00fcssen biometrisch sein und orientieren sich am ICAO-Standard. Daher gelten \u00e4hnliche Anforderungen, wie auch in Deutschland. In der T\u00fcrkei gibt es zahlreiche verschiedene Reisep\u00e4sse, die&#8230; <a class=\"view-article\" href=\"https:\/\/www.persofoto.de\/lexikon\/auslaendische-passbildbestimmungen\/tuerkei\/\">Anzeigen<\/a>","protected":false},"author":1,"featured_media":0,"parent":1582,"menu_order":0,"comment_status":"closed","ping_status":"closed","template":"","meta":[],"_links":{"self":[{"href":"https:\/\/www.persofoto.de\/lexikon\/wp-json\/wp\/v2\/pages\/2512"}],"collection":[{"href":"https:\/\/www.persofoto.de\/lexikon\/wp-json\/wp\/v2\/pages"}],"about":[{"href":"https:\/\/www.persofoto.de\/lexikon\/wp-json\/wp\/v2\/types\/page"}],"author":[{"embeddable":true,"href":"https:\/\/www.persofoto.de\/lexikon\/wp-json\/wp\/v2\/users\/1"}],"replies":[{"embeddable":true,"href":"https:\/\/www.persofoto.de\/lexikon\/wp-json\/wp\/v2\/comments?post=2512"}],"version-history":[{"count":13,"href":"https:\/\/www.persofoto.de\/lexikon\/wp-json\/wp\/v2\/pages\/2512\/revisions"}],"predecessor-version":[{"id":3589,"href":"https:\/\/www.persofoto.de\/lexikon\/wp-json\/wp\/v2\/pages\/2512\/revisions\/3589"}],"up":[{"embeddable":true,"href":"https:\/\/www.persofoto.de\/lexikon\/wp-json\/wp\/v2\/pages\/1582"}],"wp:attachment":[{"href":"https:\/\/www.persofoto.de\/lexikon\/wp-json\/wp\/v2\/media?parent=2512"}],"curies":[{"name":"wp","href":"https:\/\/api.w.org\/{rel}","templated":true}]}}