{"id":2431,"date":"2015-09-27T12:08:28","date_gmt":"2015-09-27T10:08:28","guid":{"rendered":"https:\/\/www.persofoto.de\/lexikon\/?page_id=2431"},"modified":"2016-10-17T16:08:06","modified_gmt":"2016-10-17T14:08:06","slug":"tastenkombinationen","status":"publish","type":"page","link":"https:\/\/www.persofoto.de\/lexikon\/passfoto-generator\/tastenkombinationen\/","title":{"rendered":"Tastenkombinationen"},"content":{"rendered":"<p>Unser Passfoto-Generator l\u00e4sst sich mit Hilfe der Maus und einiger Tastenkombinationen bedienen. Das Bild kann direkt mit der Maus verschoben werden. Zus\u00e4tzlich zu den angezeigten\u00a0Schaltfl\u00e4chen zum Zoomen, Drehen und Verschieben des Bildes, kann es auch mit dem Scrollrad der\u00a0Maus vergr\u00f6\u00dfert und verkleinert werden. Dar\u00fcber hinaus existieren folgende Tastenkombinationen f\u00fcr Poweruser:<\/p>\n<div class=\"table-responsive\">\n<table class=\"list\">\n<tbody>\n<tr>\n<th>Funktion<\/th>\n<th>Taste<\/th>\n<th>Alternative<\/th>\n<\/tr>\n<tr class=\"odge\">\n<td>Bild nach\u00a0links drehen<\/td>\n<td><code>Q<\/code><\/td>\n<td><code>,<\/code><\/td>\n<\/tr>\n<tr>\n<td>Bild nach rechts drehen<\/td>\n<td><code>E<\/code><\/td>\n<td><code>.<\/code><\/td>\n<\/tr>\n<tr class=\"odge\">\n<td>Bild kleiner zoomen<\/td>\n<td><code>-<\/code><\/td>\n<td>Mausrad<\/td>\n<\/tr>\n<tr>\n<td>Bild gr\u00f6\u00dfer zoomen<\/td>\n<td><code>+<\/code><\/td>\n<td>Mausrad<\/td>\n<\/tr>\n<tr>\n<td>Bild nach oben schieben<\/td>\n<td><code>oben<\/code><\/td>\n<td><code>W<\/code><\/td>\n<\/tr>\n<tr>\n<td>Bild nach links\u00a0schieben<\/td>\n<td><code>links<\/code><\/td>\n<td><code>A<\/code><\/td>\n<\/tr>\n<tr>\n<td>Bild nach unten\u00a0schieben<\/td>\n<td><code>unten<\/code><\/td>\n<td><code>S<\/code><\/td>\n<\/tr>\n<tr>\n<td>Bild nach rechts\u00a0schieben<\/td>\n<td><code>rechts<\/code><\/td>\n<td><code>D<\/code><\/td>\n<\/tr>\n<tr>\n<td>Bild um 90\u00b0 drehen<\/td>\n<td><code>R<\/code><\/td>\n<td><code>Enter<\/code><\/td>\n<\/tr>\n<tr>\n<td>Schablone ein-\/ausblenden<\/td>\n<td><code>M<\/code><\/td>\n<td><code>T<\/code><\/td>\n<\/tr>\n<\/tbody>\n<\/table>\n<\/div>\n","protected":false},"excerpt":{"rendered":"Unser Passfoto-Generator l\u00e4sst sich mit Hilfe der Maus und einiger Tastenkombinationen bedienen. Das Bild kann direkt mit der Maus verschoben werden. Zus\u00e4tzlich zu den angezeigten\u00a0Schaltfl\u00e4chen zum Zoomen, Drehen und Verschieben des Bildes, kann es auch mit dem Scrollrad der\u00a0Maus vergr\u00f6\u00dfert und verkleinert werden. Dar\u00fcber hinaus existieren folgende Tastenkombinationen f\u00fcr Poweruser: Funktion Taste Alternative Bild nach\u00a0links&#8230; <a class=\"view-article\" href=\"https:\/\/www.persofoto.de\/lexikon\/passfoto-generator\/tastenkombinationen\/\">Anzeigen<\/a>","protected":false},"author":1,"featured_media":0,"parent":2425,"menu_order":0,"comment_status":"closed","ping_status":"closed","template":"","meta":[],"_links":{"self":[{"href":"https:\/\/www.persofoto.de\/lexikon\/wp-json\/wp\/v2\/pages\/2431"}],"collection":[{"href":"https:\/\/www.persofoto.de\/lexikon\/wp-json\/wp\/v2\/pages"}],"about":[{"href":"https:\/\/www.persofoto.de\/lexikon\/wp-json\/wp\/v2\/types\/page"}],"author":[{"embeddable":true,"href":"https:\/\/www.persofoto.de\/lexikon\/wp-json\/wp\/v2\/users\/1"}],"replies":[{"embeddable":true,"href":"https:\/\/www.persofoto.de\/lexikon\/wp-json\/wp\/v2\/comments?post=2431"}],"version-history":[{"count":6,"href":"https:\/\/www.persofoto.de\/lexikon\/wp-json\/wp\/v2\/pages\/2431\/revisions"}],"predecessor-version":[{"id":2710,"href":"https:\/\/www.persofoto.de\/lexikon\/wp-json\/wp\/v2\/pages\/2431\/revisions\/2710"}],"up":[{"embeddable":true,"href":"https:\/\/www.persofoto.de\/lexikon\/wp-json\/wp\/v2\/pages\/2425"}],"wp:attachment":[{"href":"https:\/\/www.persofoto.de\/lexikon\/wp-json\/wp\/v2\/media?parent=2431"}],"curies":[{"name":"wp","href":"https:\/\/api.w.org\/{rel}","templated":true}]}}