{"id":1861,"date":"2012-11-17T02:57:44","date_gmt":"2012-11-17T01:57:44","guid":{"rendered":"http:\/\/www.persofoto.de\/?page_id=1861"},"modified":"2020-02-07T03:49:16","modified_gmt":"2020-02-07T02:49:16","slug":"kinderreisepass","status":"publish","type":"page","link":"https:\/\/www.persofoto.de\/lexikon\/kinderreisepass\/","title":{"rendered":"Kinderreisepass"},"content":{"rendered":"<p>Auch Kinder und Babys brauchen in Deutschland seit einigen Jahren einen eigenen Reisepass. Sie k\u00f6nnen nicht mehr wie fr\u00fcher in den Reisepass der Eltern eingetragen werden. Grunds\u00e4tzlich ist der Kinderreisepass f\u00fcr die Einreise in alle L\u00e4nder erforderlich. Bei einigen L\u00e4ndern muss sogar ein richtiger, maschinenlesbarer Reisepass vorliegen.<\/p>\n<p>Die Bestimmungen sind allerdings nicht so aufw\u00e4ndig, wie beim Reisepass f\u00fcr Erwachsene. Der Preis ist mit 13 Euro auch um einiges humaner. F\u00fcr die Verl\u00e4ngerung oder \u00c4nderung eines Kinderreisepasses sind 6 Euro zu entrichten. F\u00fcr die \u00c4nderung des Wohnorts f\u00e4llt diese Geb\u00fchr jedoch nicht an.<\/p>\n<p><a href=\"https:\/\/www.persofoto.de\/lexikon\/reisepass\/reisepass-fuer-ein-baby\/\"><img width=\"750\" height=\"390\" class=\"aligncenter size-full wp-image-3656 img-responsive\" src=\"https:\/\/www.persofoto.de\/lexikon\/wp-content\/uploads\/2020\/02\/Reisepass-oder-Kinderreisepass_750x390_96.png\" alt=\"Verreisen mit Babys. Reisepass oder Kinderreisepass? Das sind die Unterschiede der beiden Ausweise | PersoFoto\" srcset=\"https:\/\/www.persofoto.de\/lexikon\/wp-content\/uploads\/2020\/02\/Reisepass-oder-Kinderreisepass_750x390_96.png 750w, https:\/\/www.persofoto.de\/lexikon\/wp-content\/uploads\/2020\/02\/Reisepass-oder-Kinderreisepass_750x390_96-250x130.png 250w, https:\/\/www.persofoto.de\/lexikon\/wp-content\/uploads\/2020\/02\/Reisepass-oder-Kinderreisepass_750x390_96-700x364.png 700w, https:\/\/www.persofoto.de\/lexikon\/wp-content\/uploads\/2020\/02\/Reisepass-oder-Kinderreisepass_750x390_96-120x62.png 120w\" sizes=\"(max-width: 750px) 100vw, 750px\" \/><\/a><\/p>\n<h2>F\u00fcr die Beantragung<\/h2>\n<p>Folgende Voraussetzungen m\u00fcssen f\u00fcr die Beantragung erf\u00fcllt werden:<\/p>\n<ul>\n<li>Der Antrag muss vom gesetzlichen Vormund pers\u00f6nlich gestellt werden.<\/li>\n<li>Der andere muss seine schriftliche Einverst\u00e4ndniserkl\u00e4rung und ein Ausweisdokument mitgeben (oder mitkommen)<br \/>\n<em>(hat ein Vater oder eine Mutter das alleinige Sorgerecht, muss er oder sie das im Zweifel nachweisen).<\/em><\/li>\n<li>Die Geburtsurkunde des Kindes muss vorgelegt werden.<\/li>\n<li>Beim biometrischen Baby-Passfoto werden nicht so strenge Ma\u00dfst\u00e4be angelegt wie bei Erwachsenen: Abweichungen im Gesichtsausdruck und der Augenh\u00f6he beim Anpassen an die Schablone sind zul\u00e4ssig.<\/li>\n<\/ul>\n<h2>G\u00fcltigkeit &amp; Akzeptanz<\/h2>\n<p>Der Kinderreisepass hat eine G\u00fcltigkeit von 6 Jahren &#8211; gilt aber h\u00f6chstens bis zum 12. Lebensjahr. L\u00e4uft er vor dem 12. Lebensjahr ab, kann er einmal verl\u00e4ngert werden und erh\u00e4lt ein neues Passfoto.<\/p>\n<p>Wie gesagt, erkennen manche L\u00e4nder einen Kinderreisepass jedoch nicht an. Dann wird ein richtiger <a href=\"https:\/\/www.persofoto.de\/lexikon\/reisepass\/\">Reisepass<\/a> f\u00fcr das Kind ben\u00f6tigt (der maschinenlesbar ist). F\u00fcr welche L\u00e4nder bei der Einreise ein Kinderreisepass ausreicht, kannst Du unter &#8222;<a href=\"https:\/\/www.persofoto.de\/lexikon\/einreisebestimmungen\/\">Einreisebestimmungen<\/a>&#8220; nachlesen. Am besten erkundigen sich Eltern vor Fernreisen auch beim Ausw\u00e4rtigen Amt. Die <a href=\"https:\/\/www.persofoto.de\/lexikon\/einreisebestimmungen\/usa-vereinigte-staaten-von-amerika\/\">USA<\/a> verlangen bspw. bei der Einreise ohne Visum einen &#8222;richtigen&#8220; biometrischen Reisepass.<\/p>\n","protected":false},"excerpt":{"rendered":"Auch Kinder und Babys brauchen in Deutschland seit einigen Jahren einen eigenen Reisepass. Sie k\u00f6nnen nicht mehr wie fr\u00fcher in den Reisepass der Eltern eingetragen werden. Grunds\u00e4tzlich ist der Kinderreisepass f\u00fcr die Einreise in alle L\u00e4nder erforderlich. Bei einigen L\u00e4ndern muss sogar ein richtiger, maschinenlesbarer Reisepass vorliegen. Die Bestimmungen sind allerdings nicht so aufw\u00e4ndig, wie&#8230; <a class=\"view-article\" href=\"https:\/\/www.persofoto.de\/lexikon\/kinderreisepass\/\">Anzeigen<\/a>","protected":false},"author":1,"featured_media":0,"parent":0,"menu_order":0,"comment_status":"open","ping_status":"closed","template":"lexikonkategorie_template.php","meta":[],"_links":{"self":[{"href":"https:\/\/www.persofoto.de\/lexikon\/wp-json\/wp\/v2\/pages\/1861"}],"collection":[{"href":"https:\/\/www.persofoto.de\/lexikon\/wp-json\/wp\/v2\/pages"}],"about":[{"href":"https:\/\/www.persofoto.de\/lexikon\/wp-json\/wp\/v2\/types\/page"}],"author":[{"embeddable":true,"href":"https:\/\/www.persofoto.de\/lexikon\/wp-json\/wp\/v2\/users\/1"}],"replies":[{"embeddable":true,"href":"https:\/\/www.persofoto.de\/lexikon\/wp-json\/wp\/v2\/comments?post=1861"}],"version-history":[{"count":14,"href":"https:\/\/www.persofoto.de\/lexikon\/wp-json\/wp\/v2\/pages\/1861\/revisions"}],"predecessor-version":[{"id":3664,"href":"https:\/\/www.persofoto.de\/lexikon\/wp-json\/wp\/v2\/pages\/1861\/revisions\/3664"}],"wp:attachment":[{"href":"https:\/\/www.persofoto.de\/lexikon\/wp-json\/wp\/v2\/media?parent=1861"}],"curies":[{"name":"wp","href":"https:\/\/api.w.org\/{rel}","templated":true}]}}