{"id":1860,"date":"2012-11-17T02:59:13","date_gmt":"2012-11-17T00:59:13","guid":{"rendered":"http:\/\/www.persofoto.de\/?page_id=1860"},"modified":"2020-01-18T00:04:58","modified_gmt":"2020-01-17T23:04:58","slug":"baby-passbild","status":"publish","type":"page","link":"https:\/\/www.persofoto.de\/lexikon\/passbild\/baby-passbild\/","title":{"rendered":"Baby-Passbild \ud83d\udc76"},"content":{"rendered":"<h2>Biometrische Babyfotos?<\/h2>\n<p><strong><img class=\"wp-image-2238 alignright\" src=\"https:\/\/www.persofoto.de\/lexikon\/wp-content\/uploads\/2012\/11\/biometrisches-babyfoto-mit-schablone-250x320.jpg\" alt=\"biometrisches-babyfoto-mit-schablone\" width=\"135\" height=\"173\">Ja.<\/strong> Es klingt absurd, aber auch Babys und Kleinkinder ben\u00f6tigen f\u00fcr ihren Reisepass ein <a title=\"Gr\u00f6\u00dfe &amp; Format\" href=\"https:\/\/www.persofoto.de\/lexikon\/passbild\/groesse\/\">biometrisches Passfoto<\/a>.<\/p>\n<p>Da seit dem&nbsp;25. Juni 2012&nbsp;Kindereintr\u00e4ge im Reisepass der Eltern ihre G\u00fcltigkeit verloren haben, berechtigen letztere die Kinder nicht mehr zum Grenz\u00fcbertritt.<\/p>\n<p>Bei Reisen ins Ausland m\u00fcssen somit alle Kinder ab der Geburt \u00fcber ein eigenes Reisedokument verf\u00fcgen &#8211; auch bei Reisen innerhalb der EU. Denn um bei einer (Grenz-)Kontrolle im Zweifelsfall nachweisen zu k\u00f6nnen, dass es sich um das eigene Kind und keine Kindesentf\u00fchrung handelt, ist auch innerhalb der EU ein Pass n\u00f6tig.<\/p>\n<div class=\"tipp\">\n<h3>Tipp<\/h3>\n<ul>\n<li>Das Ausgangsfoto f\u00fcr ein biometrisches Babyfoto <strong>im Liegen auf einem hellen Laken<\/strong> aufnehmen.<\/li>\n<li>Das Gesicht des Kindes in Richtung eines Fensters ausrichten, damit es gut ausgeleuchtet wird.<\/li>\n<li>Kamera nicht parallel zum Boden, sondern frontal zum Gesicht ausrichten.<\/li>\n<\/ul>\n<\/div>\n<p>Je nach Reiseziel kann:<\/p>\n<ul>\n<li>f\u00fcr Babys und Kleinkinder <strong>unter 12 Jahren<\/strong> ein <a href=\"https:\/\/www.persofoto.de\/lexikon\/kinderreisepass\/\">Kinderreisepass<\/a> oder Reisepass,<\/li>\n<li>und f\u00fcr Kinder <strong>ab Vollendung des 12. Lebensjahres<\/strong>&nbsp;ein <a href=\"https:\/\/www.persofoto.de\/lexikon\/reisepass\/\">Reisepass<\/a>&nbsp;oder <a href=\"https:\/\/www.persofoto.de\/lexikon\/personalausweis\/\">Personalausweis<\/a><\/li>\n<\/ul>\n<p>&#8230; beantragt werden.<\/p>\n<p>Die <a title=\"Kinderreisepass Kosten\" href=\"https:\/\/www.persofoto.de\/lexikon\/kinderreisepass\/kosten\/\">Kosten f\u00fcr Kinderreisepass<\/a>, <a href=\"https:\/\/www.persofoto.de\/lexikon\/personalausweis\/personalausweis-kosten\/\">Personalausweis<\/a> und <a href=\"https:\/\/www.persofoto.de\/lexikon\/reisepass\/kosten\/\">Reisepass<\/a> variieren stark, daher lohnt der Vergleich.<\/p>\n<h2>Anforderungen nicht ganz so streng<\/h2>\n<p>F\u00fcr Babys und Kleinkinder gelten die gleichen&nbsp;<a href=\"https:\/\/www.persofoto.de\/lexikon\/reisepass\/wie-mache-ich-ein-biometrisches-passfoto\/\">Passbild-Bestimmungen<\/a>, wie f\u00fcr Erwachsene. Allerdings werden einige Regeln nicht ganz so streng ausgelegt, wie bei Erwachsenen. Hier einige Beispiele:<\/p>\n<ul>\n<li>Die <strong>Blickrichtung<\/strong> ist bei Babys und Kleinkindern <strong>irrelevant<\/strong> &#8211; der Blick muss nicht in die Kamera gerichtet sein. Ab ca. 4 Jahren sollte man zur Sicherheit jedoch versuchen, ein Foto mit Blick in die Kamera hinzubekommen.<\/li>\n<li>Der <strong>Mund<\/strong> darf <strong>ge\u00f6ffnet<\/strong> sein. Doch Vorsicht: dies ist kein Freifahrtschein f\u00fcr absichtlich l\u00e4chelnde Kleinkinder. So viel Freundlichkeit ist man auf dem Amt nicht gewohnt. \ud83d\ude05<\/li>\n<li>Der <strong>Augenbereich<\/strong>&nbsp;der biometrischen Schablone reicht bei Kleinkindern&nbsp;<strong>weiter nach unten<\/strong> bzw. kann bei Babys teilweise ganz <strong>vernachl\u00e4ssigt<\/strong> werden.<\/li>\n<li>Wegen der meist noch breiteren, runderen Gesichter, kann die <strong>Gesichtsh\u00f6he<\/strong> bei Anpassung an die biometrische Schablone die obere Linie <strong>deutlich unterschreiten<\/strong>, damit das Gesicht seitlich nicht angeschnitten wird.<\/li>\n<\/ul>\n<p>Wegen dieser Ausnahmen beurteilen die Beamten die <strong>Frontalaufnahme des Gesichts<\/strong> unserer Erfahrung nach jedoch <strong>sehr streng<\/strong>. Achte also darauf, dass beide Wangen und gegebenenfalls Ohren gleicherma\u00dfen erkennbar sind.<\/p>\n<h2>Tipps f\u00fcr die Aufnahme des Fotos<\/h2>\n<p>Wir haben gute Erfahrungen damit gemacht, Kleinkinder-Fotos im Liegen auf einem hellen Laken zu machen. Wichtig ist dabei die gute Ausleuchtung des Gesichts.&nbsp;Das Foto sollte daher tags\u00fcber in einem hellen Raum aufgenommen werden. K\u00fcnstliches Licht sollte <strong>nicht<\/strong> mit Tageslicht gemischt werden, da sonst meist eine Gesichtsh\u00e4lfte gelblich, die andere bl\u00e4ulich oder sogar schattig erscheint.<\/p>\n<p>Im Idealfall zeigt das Gesicht in Richtung Fenster &#8211; Tageslicht ist einfach am besten. Ist der Hintergrund noch nicht perfekt, k\u00f6nnen wir ihn bei Bestellungen <abbr title=\"in der Regel\">i. d. R.<\/abbr> auch gut retuschieren.<\/p>\n<p>Dass ein Baby nicht selbst frontal in die Kamera schauen kann ist logisch. Aber als Fotograf kann man die Kamera dennoch mittig vor dem Gesicht positionieren &#8211; sowohl vertikal, als auch horizontal. Aufgrund der vielen anderen Ausnahmen legen die Beh\u00f6rden verst\u00e4rkt Wert auf die sehr frontale Aufnahme des Gesichts.<\/p>\n","protected":false},"excerpt":{"rendered":"Biometrische Babyfotos? Ja. Es klingt absurd, aber auch Babys und Kleinkinder ben\u00f6tigen f\u00fcr ihren Reisepass ein biometrisches Passfoto. Da seit dem&nbsp;25. Juni 2012&nbsp;Kindereintr\u00e4ge im Reisepass der Eltern ihre G\u00fcltigkeit verloren haben, berechtigen letztere die Kinder nicht mehr zum Grenz\u00fcbertritt. Bei Reisen ins Ausland m\u00fcssen somit alle Kinder ab der Geburt \u00fcber ein eigenes Reisedokument verf\u00fcgen&#8230; <a class=\"view-article\" href=\"https:\/\/www.persofoto.de\/lexikon\/passbild\/baby-passbild\/\">Anzeigen<\/a>","protected":false},"author":1,"featured_media":0,"parent":142,"menu_order":0,"comment_status":"open","ping_status":"open","template":"","meta":[],"_links":{"self":[{"href":"https:\/\/www.persofoto.de\/lexikon\/wp-json\/wp\/v2\/pages\/1860"}],"collection":[{"href":"https:\/\/www.persofoto.de\/lexikon\/wp-json\/wp\/v2\/pages"}],"about":[{"href":"https:\/\/www.persofoto.de\/lexikon\/wp-json\/wp\/v2\/types\/page"}],"author":[{"embeddable":true,"href":"https:\/\/www.persofoto.de\/lexikon\/wp-json\/wp\/v2\/users\/1"}],"replies":[{"embeddable":true,"href":"https:\/\/www.persofoto.de\/lexikon\/wp-json\/wp\/v2\/comments?post=1860"}],"version-history":[{"count":29,"href":"https:\/\/www.persofoto.de\/lexikon\/wp-json\/wp\/v2\/pages\/1860\/revisions"}],"predecessor-version":[{"id":3631,"href":"https:\/\/www.persofoto.de\/lexikon\/wp-json\/wp\/v2\/pages\/1860\/revisions\/3631"}],"up":[{"embeddable":true,"href":"https:\/\/www.persofoto.de\/lexikon\/wp-json\/wp\/v2\/pages\/142"}],"wp:attachment":[{"href":"https:\/\/www.persofoto.de\/lexikon\/wp-json\/wp\/v2\/media?parent=1860"}],"curies":[{"name":"wp","href":"https:\/\/api.w.org\/{rel}","templated":true}]}}

<h2>Biometrische Babyfotos?</h2>
<p><strong><img class="wp-image-2238 alignright" src="https://www.persofoto.de/lexikon/wp-content/uploads/2012/11/biometrisches-babyfoto-mit-schablone-250x320.jpg" alt="biometrisches-babyfoto-mit-schablone" width="135" height="173">Ja.</strong> Es klingt absurd, aber auch Babys und Kleinkinder benötigen für ihren Reisepass ein <a title="Größe &amp; Format" href="https://www.persofoto.de/lexikon/passbild/groesse/">biometrisches Passfoto</a>.</p>
<p>Da seit dem&nbsp;25. Juni 2012&nbsp;Kindereinträge im Reisepass der Eltern ihre Gültigkeit verloren haben, berechtigen letztere die Kinder nicht mehr zum Grenzübertritt.</p>
<p>Bei Reisen ins Ausland müssen somit alle Kinder ab der Geburt über ein eigenes Reisedokument verfügen &#8211; auch bei Reisen innerhalb der EU. Denn um bei einer (Grenz-)Kontrolle im Zweifelsfall nachweisen zu können, dass es sich um das eigene Kind und keine Kindesentführung handelt, ist auch innerhalb der EU ein Pass nötig.</p>
<div class="tipp">
<h3>Tipp</h3>
<ul>
<li>Das Ausgangsfoto für ein biometrisches Babyfoto <strong>im Liegen auf einem hellen Laken</strong> aufnehmen.</li>
<li>Das Gesicht des Kindes in Richtung eines Fensters ausrichten, damit es gut ausgeleuchtet wird.</li>
<li>Kamera nicht parallel zum Boden, sondern frontal zum Gesicht ausrichten.</li>
</ul>
</div>
<p>Je nach Reiseziel kann:</p>
<ul>
<li>für Babys und Kleinkinder <strong>unter 12 Jahren</strong> ein <a href="https://www.persofoto.de/lexikon/kinderreisepass/">Kinderreisepass</a> oder Reisepass,</li>
<li>und für Kinder <strong>ab Vollendung des 12. Lebensjahres</strong>&nbsp;ein <a href="https://www.persofoto.de/lexikon/reisepass/">Reisepass</a>&nbsp;oder <a href="https://www.persofoto.de/lexikon/personalausweis/">Personalausweis</a></li>
</ul>
<p>&#8230; beantragt werden.</p>
<p>Die <a title="Kinderreisepass Kosten" href="https://www.persofoto.de/lexikon/kinderreisepass/kosten/">Kosten für Kinderreisepass</a>, <a href="https://www.persofoto.de/lexikon/personalausweis/personalausweis-kosten/">Personalausweis</a> und <a href="https://www.persofoto.de/lexikon/reisepass/kosten/">Reisepass</a> variieren stark, daher lohnt der Vergleich.</p>
<h2>Anforderungen nicht ganz so streng</h2>
<p>Für Babys und Kleinkinder gelten die gleichen&nbsp;<a href="https://www.persofoto.de/lexikon/reisepass/wie-mache-ich-ein-biometrisches-passfoto/">Passbild-Bestimmungen</a>, wie für Erwachsene. Allerdings werden einige Regeln nicht ganz so streng ausgelegt, wie bei Erwachsenen. Hier einige Beispiele:</p>
<ul>
<li>Die <strong>Blickrichtung</strong> ist bei Babys und Kleinkindern <strong>irrelevant</strong> &#8211; der Blick muss nicht in die Kamera gerichtet sein. Ab ca. 4 Jahren sollte man zur Sicherheit jedoch versuchen, ein Foto mit Blick in die Kamera hinzubekommen.</li>
<li>Der <strong>Mund</strong> darf <strong>geöffnet</strong> sein. Doch Vorsicht: dies ist kein Freifahrtschein für absichtlich lächelnde Kleinkinder. So viel Freundlichkeit ist man auf dem Amt nicht gewohnt. 😅</li>
<li>Der <strong>Augenbereich</strong>&nbsp;der biometrischen Schablone reicht bei Kleinkindern&nbsp;<strong>weiter nach unten</strong> bzw. kann bei Babys teilweise ganz <strong>vernachlässigt</strong> werden.</li>
<li>Wegen der meist noch breiteren, runderen Gesichter, kann die <strong>Gesichtshöhe</strong> bei Anpassung an die biometrische Schablone die obere Linie <strong>deutlich unterschreiten</strong>, damit das Gesicht seitlich nicht angeschnitten wird.</li>
</ul>
<p>Wegen dieser Ausnahmen beurteilen die Beamten die <strong>Frontalaufnahme des Gesichts</strong> unserer Erfahrung nach jedoch <strong>sehr streng</strong>. Achte also darauf, dass beide Wangen und gegebenenfalls Ohren gleichermaßen erkennbar sind.</p>
<h2>Tipps für die Aufnahme des Fotos</h2>
<p>Wir haben gute Erfahrungen damit gemacht, Kleinkinder-Fotos im Liegen auf einem hellen Laken zu machen. Wichtig ist dabei die gute Ausleuchtung des Gesichts.&nbsp;Das Foto sollte daher tagsüber in einem hellen Raum aufgenommen werden. Künstliches Licht sollte <strong>nicht</strong> mit Tageslicht gemischt werden, da sonst meist eine Gesichtshälfte gelblich, die andere bläulich oder sogar schattig erscheint.</p>
<p>Im Idealfall zeigt das Gesicht in Richtung Fenster &#8211; Tageslicht ist einfach am besten. Ist der Hintergrund noch nicht perfekt, können wir ihn bei Bestellungen <abbr title="in der Regel">i. d. R.</abbr> auch gut retuschieren.</p>
<p>Dass ein Baby nicht selbst frontal in die Kamera schauen kann ist logisch. Aber als Fotograf kann man die Kamera dennoch mittig vor dem Gesicht positionieren &#8211; sowohl vertikal, als auch horizontal. Aufgrund der vielen anderen Ausnahmen legen die Behörden verstärkt Wert auf die sehr frontale Aufnahme des Gesichts.</p>

Biometrische Babyfotos? Ja. Es klingt absurd, aber auch Babys und Kleinkinder benötigen für ihren Reisepass ein biometrisches Passfoto. Da seit dem&nbsp;25. Juni 2012&nbsp;Kindereinträge im Reisepass der Eltern ihre Gültigkeit verloren haben, berechtigen letztere die Kinder nicht mehr zum Grenzübertritt. Bei Reisen ins Ausland müssen somit alle Kinder ab der Geburt über ein eigenes Reisedokument verfügen&#8230; <a class="view-article" href="https://www.persofoto.de/lexikon/passbild/baby-passbild/">Anzeigen</a>
