{"id":1483,"date":"2012-03-24T18:09:21","date_gmt":"2012-03-24T17:09:21","guid":{"rendered":"http:\/\/www.persofoto.de\/?page_id=1483"},"modified":"2020-10-21T12:21:21","modified_gmt":"2020-10-21T10:21:21","slug":"visum","status":"publish","type":"page","link":"https:\/\/www.persofoto.de\/lexikon\/visum\/","title":{"rendered":"Visum"},"content":{"rendered":"<p>Eine Reise steht an, und Du fragst Dich, ob Du daf\u00fcr ein Visum ben\u00f6tigst? Hier findest Du eine schnelle \u00dcbersicht, wann ein Visum ben\u00f6tigt wird. Weitere Details zu einzelnen L\u00e4ndern findest Du in den entsprechenden Unterseiten. Los geht&#8217;s!<\/p>\n<h2>Freies Reisen innerhalb der EU \ud83c\uddea\ud83c\uddfa<\/h2>\n<p>Alle L\u00e4nder <strong>innerhalb Europas<\/strong> haben durch die <strong>Schengener Abkommen<\/strong> Personenkontrollen an Grenzen weitestgehend abgeschafft. Mit einigen teilweise tempor\u00e4ren Ausnahmen ist die Einreise in alle Mitgliedsl\u00e4nder ohne Reisepass oder Visum m\u00f6glich.<\/p>\n<p>Zu den sog. Vollanwender-Staaten geh\u00f6ren:<\/p>\n<p>Belgien, D\u00e4nemark, Estland, Finnland, Frankreich, Italien, Lettland, Litauen, Niederlande, \u00d6sterreich, Polen, Portugal, Schweden, Slowakei, Spanien, Tschechien und Ungarn.<\/p>\n<p>Dar\u00fcber hinaus sind Island, Lichtenstein, Norwegen und die Schweiz als nicht EU-Mitglieder Teil des Schengen Abkommens und erm\u00f6glichen ebenfalls die Einreise ohne Grenzkontrolle.<\/p>\n<p>Das Vereinigte K\u00f6nigreich, bestehend aus Gro\u00dfbritannien und Irland, kooperiert ebenfalls mit dem Schengener Abkommen und erlaubt die Einreise mit allen in Deutschland g\u00fcltigen Ausweisdokumenten &#8211; auch einem vorl\u00e4ufigen Personalausweis, jedoch nicht nur mit dem F\u00fchrerschein.<\/p>\n<p>Da jedoch auch im europ\u00e4ischen Ausland allgemeine Personenkontrollen durchgef\u00fchrt werden k\u00f6nnen, empfiehlt es sich immer ein g\u00fcltiges Ausweisdokument, wie den Personalausweis mit sich zu f\u00fchren.<\/p>\n<hr \/>\n<h2>Visa f\u00fcr L\u00e4nder au\u00dferhalb der EU \ud83d\uddfa\ufe0f<\/h2>\n<p>F\u00fcr alle L\u00e4nder au\u00dferhalb der EU wird in der Regel ein Visum f\u00fcr die Einreise ben\u00f6tigt. Je nach Land k\u00f6nnen Gr\u00f6\u00dfe und Bestimmungen des daf\u00fcr n\u00f6tigen Passfotos variieren. In Russland werden bspw. Bilder im europ\u00e4ischen Format 3,5 \u00d7 4,5 cm verwendet. Indien und die USA verlangen jedoch Fotos im Format 2 \u00d7 2 Zoll (inch) <abbr title=\"beziehungsweise\">bzw.<\/abbr> ~ 51 \u00d7 51 mm (genau genommen: 50,8 mm).<\/p>\n<div id=\"attachment_1269\" style=\"width: 260px\" class=\"wp-caption alignleft\"><a href=\"https:\/\/www.persofoto.de\/upload\/visumfoto\"><img aria-describedby=\"caption-attachment-1269\" class=\"wp-image-1269 size-full\" title=\"Visum-Foto Generator\" src=\"https:\/\/www.persofoto.de\/lexikon\/wp-content\/uploads\/2011\/07\/passfoto-generator-screenshot.jpg\" alt=\"Der Passfoto-Generator schneidet Bilder ins korrekte Passfoto-Format.\" width=\"250\" height=\"248\" srcset=\"https:\/\/www.persofoto.de\/lexikon\/wp-content\/uploads\/2011\/07\/passfoto-generator-screenshot.jpg 250w, https:\/\/www.persofoto.de\/lexikon\/wp-content\/uploads\/2011\/07\/passfoto-generator-screenshot-150x150.jpg 150w, https:\/\/www.persofoto.de\/lexikon\/wp-content\/uploads\/2011\/07\/passfoto-generator-screenshot-120x119.jpg 120w\" sizes=\"(max-width: 250px) 100vw, 250px\" \/><\/a><p id=\"caption-attachment-1269\" class=\"wp-caption-text\">Der Passfoto-Generator schneidet Bilder ins korrekte Passfoto-Format.<\/p><\/div>\n<p>Du kannst Dein Foto in unserem <a href=\"https:\/\/www.persofoto.de\/upload\/visum\">Visum-Foto-Generator<\/a> <strong>kostenlos auf das richtige Seitenverh\u00e4ltnis zuschneiden<\/strong> &#8211; und wenn n\u00f6tig an die biometrische Schablone anpassen.<\/p>\n<p>Die spezifischen Bestimmungen der einzelnen L\u00e4nder sind \u00fcber die folgenden Links einsehbar:<\/p>\n","protected":false},"excerpt":{"rendered":"Eine Reise steht an, und Du fragst Dich, ob Du daf\u00fcr ein Visum ben\u00f6tigst? Hier findest Du eine schnelle \u00dcbersicht, wann ein Visum ben\u00f6tigt wird. Weitere Details zu einzelnen L\u00e4ndern findest Du in den entsprechenden Unterseiten. Los geht&#8217;s! Freies Reisen innerhalb der EU \ud83c\uddea\ud83c\uddfa Alle L\u00e4nder innerhalb Europas haben durch die Schengener Abkommen Personenkontrollen an&#8230; <a class=\"view-article\" href=\"https:\/\/www.persofoto.de\/lexikon\/visum\/\">Anzeigen<\/a>","protected":false},"author":1,"featured_media":0,"parent":0,"menu_order":-95,"comment_status":"open","ping_status":"closed","template":"lexikonkategorie_template.php","meta":[],"_links":{"self":[{"href":"https:\/\/www.persofoto.de\/lexikon\/wp-json\/wp\/v2\/pages\/1483"}],"collection":[{"href":"https:\/\/www.persofoto.de\/lexikon\/wp-json\/wp\/v2\/pages"}],"about":[{"href":"https:\/\/www.persofoto.de\/lexikon\/wp-json\/wp\/v2\/types\/page"}],"author":[{"embeddable":true,"href":"https:\/\/www.persofoto.de\/lexikon\/wp-json\/wp\/v2\/users\/1"}],"replies":[{"embeddable":true,"href":"https:\/\/www.persofoto.de\/lexikon\/wp-json\/wp\/v2\/comments?post=1483"}],"version-history":[{"count":12,"href":"https:\/\/www.persofoto.de\/lexikon\/wp-json\/wp\/v2\/pages\/1483\/revisions"}],"predecessor-version":[{"id":3667,"href":"https:\/\/www.persofoto.de\/lexikon\/wp-json\/wp\/v2\/pages\/1483\/revisions\/3667"}],"wp:attachment":[{"href":"https:\/\/www.persofoto.de\/lexikon\/wp-json\/wp\/v2\/media?parent=1483"}],"curies":[{"name":"wp","href":"https:\/\/api.w.org\/{rel}","templated":true}]}}